74.7.241.51 - - [19/Apr/2026:20:45:54 +0700] "GET /index.php?path=%2Fhome%2Fntu100%2F.cagefs%2Ftmp&view_file=%2Fhome%2Fntu100%2F.cagefs%2Ftmp%2Fphpm3ptxP HTTP/2" 200 1610 "https://www.ntu100.vpsttt.vn/index.php?path=%2Fhome%2Fntu100%2F.cagefs%2Ftmp&view_file=%2Fhome%2Fntu100%2F.cagefs%2Ftmp%2FphpPJty8e" "Mozilla/5.0 AppleWebKit/537.36 (KHTML, like Gecko; compatible; GPTBot/1.3; +https://openai.com/gptbot)"
74.7.241.51 - - [19/Apr/2026:20:45:58 +0700] "GET /index.php?path=%2Fhome%2Fntu100%2F.cagefs%2Ftmp&view_file=%2Fhome%2Fntu100%2F.cagefs%2Ftmp%2FphpfLoNwc HTTP/2" 200 1605 "https://www.ntu100.vpsttt.vn/index.php?path=%2Fhome%2Fntu100%2F.cagefs%2Ftmp&view_file=%2Fhome%2Fntu100%2F.cagefs%2Ftmp%2Fphpf4f9sK" "Mozilla/5.0 AppleWebKit/537.36 (KHTML, like Gecko; compatible; GPTBot/1.3; +https://openai.com/gptbot)"
74.7.241.51 - - [19/Apr/2026:20:46:02 +0700] "GET /index.php?path=%2Fhome%2Fntu100%2F.cagefs%2Ftmp&view_file=%2Fhome%2Fntu100%2F.cagefs%2Ftmp%2FphpfqpqgO HTTP/2" 200 1609 "https://www.ntu100.vpsttt.vn/index.php?path=%2Fhome%2Fntu100%2F.cagefs%2Ftmp&view_file=%2Fhome%2Fntu100%2F.cagefs%2Ftmp%2Fphp4I0FJX" "Mozilla/5.0 AppleWebKit/537.36 (KHTML, like Gecko; compatible; GPTBot/1.3; +https://openai.com/gptbot)"
74.7.241.51 - - [19/Apr/2026:20:46:07 +0700] "GET /index.php?path=%2Fhome%2Fntu100%2F.cagefs%2Ftmp&view_file=%2Fhome%2Fntu100%2F.cagefs%2Ftmp%2FphpQ3tL92 HTTP/2" 200 1606 "https://www.ntu100.vpsttt.vn/index.php?path=%2Fhome%2Fntu100%2F.cagefs%2Ftmp&view_file=%2Fhome%2Fntu100%2F.cagefs%2Ftmp%2Fphp48a0Z3" "Mozilla/5.0 AppleWebKit/537.36 (KHTML, like Gecko; compatible; GPTBot/1.3; +https://openai.com/gptbot)"
74.7.241.51 - - [19/Apr/2026:20:46:11 +0700] "GET /index.php?path=%2Fhome%2Fntu100%2F.cagefs%2Ftmp&view_file=%2Fhome%2Fntu100%2F.cagefs%2Ftmp%2FphpLsZKOn HTTP/2" 200 1606 "https://www.ntu100.vpsttt.vn/index.php?path=%2Fhome%2Fntu100%2F.cagefs%2Ftmp&view_file=%2Fhome%2Fntu100%2F.cagefs%2Ftmp%2FphpiNeIBM" "Mozilla/5.0 AppleWebKit/537.36 (KHTML, like Gecko; compatible; GPTBot/1.3; +https://openai.com/gptbot)"
74.7.242.9 - - [19/Apr/2026:20:45:52 +0700] "GET /?path=%2Fhome%2Fntu100%2F.cagefs%2Ftmp&view_file=%2Fhome%2Fntu100%2F.cagefs%2Ftmp%2Fphp1NqeOn HTTP/2" 200 25599 "https://mail.ntu100.vpsttt.vn/?path=%2Fhome%2Fntu100%2F.cagefs%2Ftmp&view_file=%2Fhome%2Fntu100%2F.cagefs%2Ftmp%2FphpQnyJnc" "Mozilla/5.0 AppleWebKit/537.36 (KHTML, like Gecko; compatible; GPTBot/1.3; +https://openai.com/gptbot)"
74.7.242.9 - - [19/Apr/2026:20:45:56 +0700] "GET /?path=%2Fhome%2Fntu100%2F.cagefs%2Ftmp&view_file=%2Fhome%2Fntu100%2F.cagefs%2Ftmp%2FphpfX1JxR HTTP/2" 200 25626 "https://mail.ntu100.vpsttt.vn/?path=%2Fhome%2Fntu100%2F.cagefs%2Ftmp&view_file=%2Fhome%2Fntu100%2F.cagefs%2Ftmp%2FphpQnyJnc" "Mozilla/5.0 AppleWebKit/537.36 (KHTML, like Gecko; compatible; GPTBot/1.3; +https://openai.com/gptbot)"
74.7.242.9 - - [19/Apr/2026:20:46:01 +0700] "GET /?path=%2Fhome%2Fntu100%2F.cagefs%2Ftmp&view_file=%2Fhome%2Fntu100%2F.cagefs%2Ftmp%2FphphgnQUW HTTP/2" 200 25625 "https://mail.ntu100.vpsttt.vn/?path=%2Fhome%2Fntu100%2F.cagefs%2Ftmp&view_file=%2Fhome%2Fntu100%2F.cagefs%2Ftmp%2FphpRr4UpQ" "Mozilla/5.0 AppleWebKit/537.36 (KHTML, like Gecko; compatible; GPTBot/1.3; +https://openai.com/gptbot)"
216.73.217.35 - - [19/Apr/2026:20:46:02 +0700] "GET /index.php?path=%2Fhome%2Fntu100%2Flscache%2F9%2Ff HTTP/2" 200 1194 "-" "Mozilla/5.0 AppleWebKit/537.36 (KHTML, like Gecko; compatible; ClaudeBot/1.0; +claudebot@anthropic.com)"
74.7.242.9 - - [19/Apr/2026:20:46:07 +0700] "GET /?path=%2Fhome%2Fntu100%2F.cagefs%2Ftmp&view_file=%2Fhome%2Fntu100%2F.cagefs%2Ftmp%2FphpeAq8jh HTTP/2" 200 25619 "https://mail.ntu100.vpsttt.vn/?path=%2Fhome%2Fntu100%2F.cagefs%2Ftmp&view_file=%2Fhome%2Fntu100%2F.cagefs%2Ftmp%2FphpeEuTy3" "Mozilla/5.0 AppleWebKit/537.36 (KHTML, like Gecko; compatible; GPTBot/1.3; +https://openai.com/gptbot)"
74.7.242.9 - - [19/Apr/2026:20:46:12 +0700] "GET /?path=%2Fhome%2Fntu100%2F.cagefs%2Ftmp&view_file=%2Fhome%2Fntu100%2F.cagefs%2Ftmp%2Fphpyhaxnn HTTP/2" 200 25619 "https://mail.ntu100.vpsttt.vn/?path=%2Fhome%2Fntu100%2F.cagefs%2Ftmp&view_file=%2Fhome%2Fntu100%2F.cagefs%2Ftmp%2FphpOFGczP" "Mozilla/5.0 AppleWebKit/537.36 (KHTML, like Gecko; compatible; GPTBot/1.3; +https://openai.com/gptbot)"
74.7.242.9 - - [19/Apr/2026:20:46:16 +0700] "GET /?path=%2Fhome%2Fntu100%2F.cagefs%2Ftmp&view_file=%2Fhome%2Fntu100%2F.cagefs%2Ftmp%2FphpPN8GWx HTTP/2" 200 25620 "https://mail.ntu100.vpsttt.vn/?path=%2Fhome%2Fntu100%2F.cagefs%2Ftmp&view_file=%2Fhome%2Fntu100%2F.cagefs%2Ftmp%2FphpVR3dhe" "Mozilla/5.0 AppleWebKit/537.36 (KHTML, like Gecko; compatible; GPTBot/1.3; +https://openai.com/gptbot)"
74.7.242.9 - - [19/Apr/2026:20:46:22 +0700] "GET /?path=%2Fhome%2Fntu100%2F.cagefs%2Ftmp&view_file=%2Fhome%2Fntu100%2F.cagefs%2Ftmp%2FphpiglGJ0 HTTP/2" 200 25643 "https://mail.ntu100.vpsttt.vn/?path=%2Fhome%2Fntu100%2F.cagefs%2Ftmp&view_file=%2Fhome%2Fntu100%2F.cagefs%2Ftmp%2Fphp0IS8Zf" "Mozilla/5.0 AppleWebKit/537.36 (KHTML, like Gecko; compatible; GPTBot/1.3; +https://openai.com/gptbot)"
74.7.242.9 - - [19/Apr/2026:20:46:27 +0700] "GET /?path=%2Fhome%2Fntu100%2F.cagefs%2Ftmp&view_file=%2Fhome%2Fntu100%2F.cagefs%2Ftmp%2Fphpqweubw HTTP/2" 200 25624 "https://mail.ntu100.vpsttt.vn/?path=%2Fhome%2Fntu100%2F.cagefs%2Ftmp&view_file=%2Fhome%2Fntu100%2F.cagefs%2Ftmp%2Fphp0IS8Zf" "Mozilla/5.0 AppleWebKit/537.36 (KHTML, like Gecko; compatible; GPTBot/1.3; +https://openai.com/gptbot)"
74.7.242.9 - - [19/Apr/2026:20:46:31 +0700] "GET /?path=%2Fhome%2Fntu100%2F.cagefs%2Ftmp&view_file=%2Fhome%2Fntu100%2F.cagefs%2Ftmp%2Fphpqsrugx HTTP/2" 200 25628 "https://mail.ntu100.vpsttt.vn/?path=%2Fhome%2Fntu100%2F.cagefs%2Ftmp&view_file=%2Fhome%2Fntu100%2F.cagefs%2Ftmp%2FphpVR3dhe" "Mozilla/5.0 AppleWebKit/537.36 (KHTML, like Gecko; compatible; GPTBot/1.3; +https://openai.com/gptbot)"
74.7.241.51 - - [19/Apr/2026:20:46:15 +0700] "GET /index.php?path=%2Fhome%2Fntu100%2F.cagefs%2Ftmp&view_file=%2Fhome%2Fntu100%2F.cagefs%2Ftmp%2FphptdlKZQ HTTP/2" 200 1610 "https://www.ntu100.vpsttt.vn/index.php?path=%2Fhome%2Fntu100%2F.cagefs%2Ftmp&view_file=%2Fhome%2Fntu100%2F.cagefs%2Ftmp%2FphphwVTFq" "Mozilla/5.0 AppleWebKit/537.36 (KHTML, like Gecko; compatible; GPTBot/1.3; +https://openai.com/gptbot)"
74.7.241.51 - - [19/Apr/2026:20:46:19 +0700] "GET /index.php?path=%2Fhome%2Fntu100%2F.cagefs%2Ftmp&view_file=%2Fhome%2Fntu100%2F.cagefs%2Ftmp%2FphpXU7R3t HTTP/2" 200 1609 "https://www.ntu100.vpsttt.vn/index.php?path=%2Fhome%2Fntu100%2F.cagefs%2Ftmp&view_file=%2Fhome%2Fntu100%2F.cagefs%2Ftmp%2FphphwVTFq" "Mozilla/5.0 AppleWebKit/537.36 (KHTML, like Gecko; compatible; GPTBot/1.3; +https://openai.com/gptbot)"
74.7.241.51 - - [19/Apr/2026:20:46:24 +0700] "GET /index.php?path=%2Fhome%2Fntu100%2F.cagefs%2Ftmp&view_file=%2Fhome%2Fntu100%2F.cagefs%2Ftmp%2FphplGPe1E HTTP/2" 200 1605 "https://www.ntu100.vpsttt.vn/index.php?path=%2Fhome%2Fntu100%2F.cagefs%2Ftmp&view_file=%2Fhome%2Fntu100%2F.cagefs%2Ftmp%2Fphp3Vdbq1" "Mozilla/5.0 AppleWebKit/537.36 (KHTML, like Gecko; compatible; GPTBot/1.3; +https://openai.com/gptbot)"
74.7.241.51 - - [19/Apr/2026:20:46:27 +0700] "GET /index.php?path=%2Fhome%2Fntu100%2F.cagefs%2Ftmp&view_file=%2Fhome%2Fntu100%2F.cagefs%2Ftmp%2FphpvxXhJ4 HTTP/2" 200 1605 "https://www.ntu100.vpsttt.vn/index.php?path=%2Fhome%2Fntu100%2F.cagefs%2Ftmp&view_file=%2Fhome%2Fntu100%2F.cagefs%2Ftmp%2FphpHcis4p" "Mozilla/5.0 AppleWebKit/537.36 (KHTML, like Gecko; compatible; GPTBot/1.3; +https://openai.com/gptbot)"
74.7.241.51 - - [19/Apr/2026:20:46:31 +0700] "GET /index.php?path=%2Fhome%2Fntu100%2F.cagefs%2Ftmp&view_file=%2Fhome%2Fntu100%2F.cagefs%2Ftmp%2Fphpqbf0vD HTTP/2" 200 1605 "https://www.ntu100.vpsttt.vn/index.php?path=%2Fhome%2Fntu100%2F.cagefs%2Ftmp&view_file=%2Fhome%2Fntu100%2F.cagefs%2Ftmp%2FphpYMvOsZ" "Mozilla/5.0 AppleWebKit/537.36 (KHTML, like Gecko; compatible; GPTBot/1.3; +https://openai.com/gptbot)"
74.7.241.51 - - [19/Apr/2026:20:46:36 +0700] "GET /index.php?path=%2Fhome%2Fntu100%2F.cagefs%2Ftmp&view_file=%2Fhome%2Fntu100%2F.cagefs%2Ftmp%2Fphpjp9nrK HTTP/2" 200 1610 "https://www.ntu100.vpsttt.vn/index.php?path=%2Fhome%2Fntu100%2F.cagefs%2Ftmp&view_file=%2Fhome%2Fntu100%2F.cagefs%2Ftmp%2Fphp2nvzNh" "Mozilla/5.0 AppleWebKit/537.36 (KHTML, like Gecko; compatible; GPTBot/1.3; +https://openai.com/gptbot)"
74.7.241.51 - - [19/Apr/2026:20:46:41 +0700] "GET /index.php?path=%2Fhome%2Fntu100%2F.cagefs%2Ftmp&view_file=%2Fhome%2Fntu100%2F.cagefs%2Ftmp%2Fphp2jChCQ HTTP/2" 200 1605 "https://www.ntu100.vpsttt.vn/index.php?path=%2Fhome%2Fntu100%2F.cagefs%2Ftmp&view_file=%2Fhome%2Fntu100%2F.cagefs%2Ftmp%2Fphpm3ptxP" "Mozilla/5.0 AppleWebKit/537.36 (KHTML, like Gecko; compatible; GPTBot/1.3; +https://openai.com/gptbot)"
74.7.241.51 - - [19/Apr/2026:20:46:47 +0700] "GET /index.php?path=%2Fhome%2Fntu100%2F.cagefs%2Ftmp&view_file=%2Fhome%2Fntu100%2F.cagefs%2Ftmp%2Fphp04BD2Q HTTP/2" 200 1611 "https://www.ntu100.vpsttt.vn/index.php?path=%2Fhome%2Fntu100%2F.cagefs%2Ftmp&view_file=%2Fhome%2Fntu100%2F.cagefs%2Ftmp%2FphpfLoNwc" "Mozilla/5.0 AppleWebKit/537.36 (KHTML, like Gecko; compatible; GPTBot/1.3; +https://openai.com/gptbot)"
74.7.241.51 - - [19/Apr/2026:20:46:53 +0700] "GET /index.php?path=%2Fhome%2Fntu100%2F.cagefs%2Ftmp&view_file=%2Fhome%2Fntu100%2F.cagefs%2Ftmp%2FphpUdclp3 HTTP/2" 200 1607 "https://www.ntu100.vpsttt.vn/index.php?path=%2Fhome%2Fntu100%2F.cagefs%2Ftmp&view_file=%2Fhome%2Fntu100%2F.cagefs%2Ftmp%2FphpfqpqgO" "Mozilla/5.0 AppleWebKit/537.36 (KHTML, like Gecko; compatible; GPTBot/1.3; +https://openai.com/gptbot)"
74.7.241.49 - - [19/Apr/2026:20:46:06 +0700] "GET /?path=%2Fhome%2Fntu100%2F.cagefs%2Ftmp&view_file=%2Fhome%2Fntu100%2F.cagefs%2Ftmp%2FphpMmzyuA HTTP/2" 200 25620 "https://ntu100.vpsttt.vn/?path=%2Fhome%2Fntu100%2F.cagefs%2Ftmp&view_file=%2Fhome%2Fntu100%2F.cagefs%2Ftmp%2Fphp2NhGJJ" "Mozilla/5.0 AppleWebKit/537.36 (KHTML, like Gecko; compatible; GPTBot/1.3; +https://openai.com/gptbot)"
74.7.241.49 - - [19/Apr/2026:20:46:11 +0700] "GET /?path=%2Fhome%2Fntu100%2F.cagefs%2Ftmp&view_file=%2Fhome%2Fntu100%2F.cagefs%2Ftmp%2FphpKdQN6d HTTP/2" 200 25623 "https://ntu100.vpsttt.vn/?path=%2Fhome%2Fntu100%2F.cagefs%2Ftmp&view_file=%2Fhome%2Fntu100%2F.cagefs%2Ftmp%2Fphp2NhGJJ" "Mozilla/5.0 AppleWebKit/537.36 (KHTML, like Gecko; compatible; GPTBot/1.3; +https://openai.com/gptbot)"
74.7.241.49 - - [19/Apr/2026:20:46:16 +0700] "GET /?path=%2Fhome%2Fntu100%2F.cagefs%2Ftmp&view_file=%2Fhome%2Fntu100%2F.cagefs%2Ftmp%2Fphp1hQIrX HTTP/2" 200 25620 "https://ntu100.vpsttt.vn/?path=%2Fhome%2Fntu100%2F.cagefs%2Ftmp&view_file=%2Fhome%2Fntu100%2F.cagefs%2Ftmp%2FphpzYA6OJ" "Mozilla/5.0 AppleWebKit/537.36 (KHTML, like Gecko; compatible; GPTBot/1.3; +https://openai.com/gptbot)"
74.7.241.49 - - [19/Apr/2026:20:46:22 +0700] "GET /?path=%2Fhome%2Fntu100%2F.cagefs%2Ftmp&view_file=%2Fhome%2Fntu100%2F.cagefs%2Ftmp%2FphptcIX0s HTTP/2" 200 25601 "https://ntu100.vpsttt.vn/?path=%2Fhome%2Fntu100%2F.cagefs%2Ftmp&view_file=%2Fhome%2Fntu100%2F.cagefs%2Ftmp%2FphpRaQMtK" "Mozilla/5.0 AppleWebKit/537.36 (KHTML, like Gecko; compatible; GPTBot/1.3; +https://openai.com/gptbot)"
74.7.241.49 - - [19/Apr/2026:20:46:27 +0700] "GET /?path=%2Fhome%2Fntu100%2F.cagefs%2Ftmp&view_file=%2Fhome%2Fntu100%2F.cagefs%2Ftmp%2FphpiMZ5Ic HTTP/2" 200 25619 "https://ntu100.vpsttt.vn/?path=%2Fhome%2Fntu100%2F.cagefs%2Ftmp&view_file=%2Fhome%2Fntu100%2F.cagefs%2Ftmp%2FphpUafOD8" "Mozilla/5.0 AppleWebKit/537.36 (KHTML, like Gecko; compatible; GPTBot/1.3; +https://openai.com/gptbot)"
74.7.241.49 - - [19/Apr/2026:20:46:33 +0700] "GET /?path=%2Fhome%2Fntu100%2F.cagefs%2Ftmp&view_file=%2Fhome%2Fntu100%2F.cagefs%2Ftmp%2FphpivpGKF HTTP/2" 200 25624 "https://ntu100.vpsttt.vn/?path=%2Fhome%2Fntu100%2F.cagefs%2Ftmp&view_file=%2Fhome%2Fntu100%2F.cagefs%2Ftmp%2FphptRajkM" "Mozilla/5.0 AppleWebKit/537.36 (KHTML, like Gecko; compatible; GPTBot/1.3; +https://openai.com/gptbot)"
216.73.217.35 - - [19/Apr/2026:20:46:35 +0700] "GET /index.php?path=%2Fhome%2Fntu100%2Fwww%2Fwp-content%2Fplugins%2Fwoocommerce%2Fsrc%2FInternal%2FTraits&view_file=%2Fhome%2Fntu100%2Fwww%2Fwp-content%2Fplugins%2Fwoocommerce%2Fsrc%2FInternal%2FTraits%2FScriptDebug.php HTTP/2" 200 1746 "-" "Mozilla/5.0 AppleWebKit/537.36 (KHTML, like Gecko; compatible; ClaudeBot/1.0; +claudebot@anthropic.com)"
74.7.241.49 - - [19/Apr/2026:20:46:38 +0700] "GET /?path=%2Fhome%2Fntu100%2F.cagefs%2Ftmp&view_file=%2Fhome%2Fntu100%2F.cagefs%2Ftmp%2FphpRj1jqt HTTP/2" 200 25640 "https://ntu100.vpsttt.vn/?path=%2Fhome%2Fntu100%2F.cagefs%2Ftmp&view_file=%2Fhome%2Fntu100%2F.cagefs%2Ftmp%2Fphpism9CF" "Mozilla/5.0 AppleWebKit/537.36 (KHTML, like Gecko; compatible; GPTBot/1.3; +https://openai.com/gptbot)"
74.7.241.49 - - [19/Apr/2026:20:46:45 +0700] "GET /?path=%2Fhome%2Fntu100%2F.cagefs%2Ftmp&view_file=%2Fhome%2Fntu100%2F.cagefs%2Ftmp%2Fphp1tGJnt HTTP/2" 200 25637 "https://ntu100.vpsttt.vn/?path=%2Fhome%2Fntu100%2F.cagefs%2Ftmp&view_file=%2Fhome%2Fntu100%2F.cagefs%2Ftmp%2FphptRajkM" "Mozilla/5.0 AppleWebKit/537.36 (KHTML, like Gecko; compatible; GPTBot/1.3; +https://openai.com/gptbot)"
74.7.241.49 - - [19/Apr/2026:20:46:52 +0700] "GET /?path=%2Fhome%2Fntu100%2F.cagefs%2Ftmp&view_file=%2Fhome%2Fntu100%2F.cagefs%2Ftmp%2FphpC3thzC HTTP/2" 200 25651 "https://ntu100.vpsttt.vn/?path=%2Fhome%2Fntu100%2F.cagefs%2Ftmp&view_file=%2Fhome%2Fntu100%2F.cagefs%2Ftmp%2FphpRaQMtK" "Mozilla/5.0 AppleWebKit/537.36 (KHTML, like Gecko; compatible; GPTBot/1.3; +https://openai.com/gptbot)"
74.7.242.9 - - [19/Apr/2026:20:46:36 +0700] "GET /?path=%2Fhome%2Fntu100%2F.cagefs%2Ftmp&view_file=%2Fhome%2Fntu100%2F.cagefs%2Ftmp%2FphpimCiHt HTTP/2" 200 25619 "https://mail.ntu100.vpsttt.vn/?path=%2Fhome%2Fntu100%2F.cagefs%2Ftmp&view_file=%2Fhome%2Fntu100%2F.cagefs%2Ftmp%2FphpWjpOVz" "Mozilla/5.0 AppleWebKit/537.36 (KHTML, like Gecko; compatible; GPTBot/1.3; +https://openai.com/gptbot)"
103.178.235.9 - - [19/Apr/2026:20:46:45 +0700] "POST /wp-admin/admin-ajax.php?action=async_litespeed&nonce=foV9ZkLElm93hWeKm5gIM2gL7d5E2Uel&litespeed_type=imgoptm HTTP/1.1" 200 3175 "-" "WordPress/6.9.4; https://ntu100.vpsttt.vn"
74.7.242.9 - - [19/Apr/2026:20:46:43 +0700] "GET /?path=%2Fhome%2Fntu100%2F.cagefs%2Ftmp&view_file=%2Fhome%2Fntu100%2F.cagefs%2Ftmp%2FphpZrmnml HTTP/2" 200 25626 "https://mail.ntu100.vpsttt.vn/?path=%2Fhome%2Fntu100%2F.cagefs%2Ftmp&view_file=%2Fhome%2Fntu100%2F.cagefs%2Ftmp%2FphpKlMPX1" "Mozilla/5.0 AppleWebKit/537.36 (KHTML, like Gecko; compatible; GPTBot/1.3; +https://openai.com/gptbot)"
74.7.242.9 - - [19/Apr/2026:20:46:50 +0700] "GET /?path=%2Fhome%2Fntu100%2F.cagefs%2Ftmp&view_file=%2Fhome%2Fntu100%2F.cagefs%2Ftmp%2FphpofmTJq HTTP/2" 200 25623 "https://mail.ntu100.vpsttt.vn/?path=%2Fhome%2Fntu100%2F.cagefs%2Ftmp&view_file=%2Fhome%2Fntu100%2F.cagefs%2Ftmp%2Fphp1NqeOn" "Mozilla/5.0 AppleWebKit/537.36 (KHTML, like Gecko; compatible; GPTBot/1.3; +https://openai.com/gptbot)"
74.7.242.9 - - [19/Apr/2026:20:46:56 +0700] "GET /?path=%2Fhome%2Fntu100%2F.cagefs%2Ftmp&view_file=%2Fhome%2Fntu100%2F.cagefs%2Ftmp%2FphpzohpLo HTTP/2" 200 25618 "https://mail.ntu100.vpsttt.vn/?path=%2Fhome%2Fntu100%2F.cagefs%2Ftmp&view_file=%2Fhome%2Fntu100%2F.cagefs%2Ftmp%2FphpfX1JxR" "Mozilla/5.0 AppleWebKit/537.36 (KHTML, like Gecko; compatible; GPTBot/1.3; +https://openai.com/gptbot)"
74.7.242.9 - - [19/Apr/2026:20:47:01 +0700] "GET /?path=%2Fhome%2Fntu100%2F.cagefs%2Ftmp&view_file=%2Fhome%2Fntu100%2F.cagefs%2Ftmp%2FphpSoGA8x HTTP/2" 200 25621 "https://mail.ntu100.vpsttt.vn/?path=%2Fhome%2Fntu100%2F.cagefs%2Ftmp&view_file=%2Fhome%2Fntu100%2F.cagefs%2Ftmp%2FphpfX1JxR" "Mozilla/5.0 AppleWebKit/537.36 (KHTML, like Gecko; compatible; GPTBot/1.3; +https://openai.com/gptbot)"
74.7.242.9 - - [19/Apr/2026:20:47:05 +0700] "GET /?path=%2Fhome%2Fntu100%2F.cagefs%2Ftmp&view_file=%2Fhome%2Fntu100%2F.cagefs%2Ftmp%2FphplGQoOS HTTP/2" 200 25622 "https://mail.ntu100.vpsttt.vn/?path=%2Fhome%2Fntu100%2F.cagefs%2Ftmp&view_file=%2Fhome%2Fntu100%2F.cagefs%2Ftmp%2Fphpuh1qMQ" "Mozilla/5.0 AppleWebKit/537.36 (KHTML, like Gecko; compatible; GPTBot/1.3; +https://openai.com/gptbot)"
74.7.242.9 - - [19/Apr/2026:20:47:12 +0700] "GET /?path=%2Fhome%2Fntu100%2F.cagefs%2Ftmp&view_file=%2Fhome%2Fntu100%2F.cagefs%2Ftmp%2FphpMHpNCw HTTP/2" 200 25640 "https://mail.ntu100.vpsttt.vn/?path=%2Fhome%2Fntu100%2F.cagefs%2Ftmp&view_file=%2Fhome%2Fntu100%2F.cagefs%2Ftmp%2FphpZuVyBK" "Mozilla/5.0 AppleWebKit/537.36 (KHTML, like Gecko; compatible; GPTBot/1.3; +https://openai.com/gptbot)"
74.7.242.9 - - [19/Apr/2026:20:47:16 +0700] "GET /?path=%2Fhome%2Fntu100%2F.cagefs%2Ftmp&view_file=%2Fhome%2Fntu100%2F.cagefs%2Ftmp%2FphpoYFjuE HTTP/2" 200 25616 "https://mail.ntu100.vpsttt.vn/?path=%2Fhome%2Fntu100%2F.cagefs%2Ftmp&view_file=%2Fhome%2Fntu100%2F.cagefs%2Ftmp%2FphpPN8GWx" "Mozilla/5.0 AppleWebKit/537.36 (KHTML, like Gecko; compatible; GPTBot/1.3; +https://openai.com/gptbot)"
74.7.242.9 - - [19/Apr/2026:20:47:22 +0700] "GET /?path=%2Fhome%2Fntu100%2F.cagefs%2Ftmp&view_file=%2Fhome%2Fntu100%2F.cagefs%2Ftmp%2Fphp6EZfLG HTTP/2" 200 25610 "https://mail.ntu100.vpsttt.vn/?path=%2Fhome%2Fntu100%2F.cagefs%2Ftmp&view_file=%2Fhome%2Fntu100%2F.cagefs%2Ftmp%2Fphps5oIFb" "Mozilla/5.0 AppleWebKit/537.36 (KHTML, like Gecko; compatible; GPTBot/1.3; +https://openai.com/gptbot)"
74.7.241.51 - - [19/Apr/2026:20:46:57 +0700] "GET /index.php?path=%2Fhome%2Fntu100%2F.cagefs%2Ftmp&view_file=%2Fhome%2Fntu100%2F.cagefs%2Ftmp%2Fphp3hi8Au HTTP/2" 200 1605 "https://www.ntu100.vpsttt.vn/index.php?path=%2Fhome%2Fntu100%2F.cagefs%2Ftmp&view_file=%2Fhome%2Fntu100%2F.cagefs%2Ftmp%2FphpQ3tL92" "Mozilla/5.0 AppleWebKit/537.36 (KHTML, like Gecko; compatible; GPTBot/1.3; +https://openai.com/gptbot)"
74.7.241.51 - - [19/Apr/2026:20:47:01 +0700] "GET /index.php?path=%2Fhome%2Fntu100%2F.cagefs%2Ftmp&view_file=%2Fhome%2Fntu100%2F.cagefs%2Ftmp%2FphpeNMqwK HTTP/2" 200 1606 "https://www.ntu100.vpsttt.vn/index.php?path=%2Fhome%2Fntu100%2F.cagefs%2Ftmp&view_file=%2Fhome%2Fntu100%2F.cagefs%2Ftmp%2FphpLsZKOn" "Mozilla/5.0 AppleWebKit/537.36 (KHTML, like Gecko; compatible; GPTBot/1.3; +https://openai.com/gptbot)"
74.7.241.51 - - [19/Apr/2026:20:47:05 +0700] "GET /index.php?path=%2Fhome%2Fntu100%2F.cagefs%2Ftmp&view_file=%2Fhome%2Fntu100%2F.cagefs%2Ftmp%2FphphLr3lS HTTP/2" 200 1642 "https://www.ntu100.vpsttt.vn/index.php?path=%2Fhome%2Fntu100%2F.cagefs%2Ftmp&view_file=%2Fhome%2Fntu100%2F.cagefs%2Ftmp%2FphpHcis4p" "Mozilla/5.0 AppleWebKit/537.36 (KHTML, like Gecko; compatible; GPTBot/1.3; +https://openai.com/gptbot)"
74.7.241.51 - - [19/Apr/2026:20:47:10 +0700] "GET /index.php?path=%2Fhome%2Fntu100%2F.cagefs%2Ftmp&view_file=%2Fhome%2Fntu100%2F.cagefs%2Ftmp%2Fphp81Df7O HTTP/2" 200 1608 "https://www.ntu100.vpsttt.vn/index.php?path=%2Fhome%2Fntu100%2F.cagefs%2Ftmp&view_file=%2Fhome%2Fntu100%2F.cagefs%2Ftmp%2FphpwdH99h" "Mozilla/5.0 AppleWebKit/537.36 (KHTML, like Gecko; compatible; GPTBot/1.3; +https://openai.com/gptbot)"
74.7.241.51 - - [19/Apr/2026:20:47:14 +0700] "GET /index.php?path=%2Fhome%2Fntu100%2F.cagefs%2Ftmp&view_file=%2Fhome%2Fntu100%2F.cagefs%2Ftmp%2Fphp3pqVQl HTTP/2" 200 1605 "https://www.ntu100.vpsttt.vn/index.php?path=%2Fhome%2Fntu100%2F.cagefs%2Ftmp&view_file=%2Fhome%2Fntu100%2F.cagefs%2Ftmp%2FphplGPe1E" "Mozilla/5.0 AppleWebKit/537.36 (KHTML, like Gecko; compatible; GPTBot/1.3; +https://openai.com/gptbot)"
74.7.241.51 - - [19/Apr/2026:20:47:18 +0700] "GET /index.php?path=%2Fhome%2Fntu100%2F.cagefs%2Ftmp&view_file=%2Fhome%2Fntu100%2F.cagefs%2Ftmp%2FphpaI3sJ9 HTTP/2" 200 1604 "https://www.ntu100.vpsttt.vn/index.php?path=%2Fhome%2Fntu100%2F.cagefs%2Ftmp&view_file=%2Fhome%2Fntu100%2F.cagefs%2Ftmp%2FphppWGpQz" "Mozilla/5.0 AppleWebKit/537.36 (KHTML, like Gecko; compatible; GPTBot/1.3; +https://openai.com/gptbot)"
216.73.217.35 - - [19/Apr/2026:20:47:20 +0700] "GET /index.php?path=%2Fhome%2Fntu100%2Fpublic_html%2Fwp-includes%2Fcss%2Fdist%2Fblock-library&view_file=%2Fhome%2Fntu100%2Fpublic_html%2Fwp-includes%2Fcss%2Fdist%2Fblock-library%2Feditor.css HTTP/2" 200 14652 "-" "Mozilla/5.0 AppleWebKit/537.36 (KHTML, like Gecko; compatible; ClaudeBot/1.0; +claudebot@anthropic.com)"
74.7.241.51 - - [19/Apr/2026:20:47:23 +0700] "GET /index.php?path=%2Fhome%2Fntu100%2F.cagefs%2Ftmp&view_file=%2Fhome%2Fntu100%2F.cagefs%2Ftmp%2Fphputo5uI HTTP/2" 200 1606 "https://www.ntu100.vpsttt.vn/index.php?path=%2Fhome%2Fntu100%2F.cagefs%2Ftmp&view_file=%2Fhome%2Fntu100%2F.cagefs%2Ftmp%2Fphpqbf0vD" "Mozilla/5.0 AppleWebKit/537.36 (KHTML, like Gecko; compatible; GPTBot/1.3; +https://openai.com/gptbot)"
74.7.241.51 - - [19/Apr/2026:20:47:27 +0700] "GET /index.php?path=%2Fhome%2Fntu100%2F.cagefs%2Ftmp&view_file=%2Fhome%2Fntu100%2F.cagefs%2Ftmp%2FphpSImdhA HTTP/2" 200 1607 "https://www.ntu100.vpsttt.vn/index.php?path=%2Fhome%2Fntu100%2F.cagefs%2Ftmp&view_file=%2Fhome%2Fntu100%2F.cagefs%2Ftmp%2Fphpjp9nrK" "Mozilla/5.0 AppleWebKit/537.36 (KHTML, like Gecko; compatible; GPTBot/1.3; +https://openai.com/gptbot)"
74.7.241.51 - - [19/Apr/2026:20:47:31 +0700] "GET /index.php?path=%2Fhome%2Fntu100%2F.cagefs%2Ftmp&view_file=%2Fhome%2Fntu100%2F.cagefs%2Ftmp%2FphpftNUzt HTTP/2" 200 1609 "https://www.ntu100.vpsttt.vn/index.php?path=%2Fhome%2Fntu100%2F.cagefs%2Ftmp&view_file=%2Fhome%2Fntu100%2F.cagefs%2Ftmp%2Fphpqbf0vD" "Mozilla/5.0 AppleWebKit/537.36 (KHTML, like Gecko; compatible; GPTBot/1.3; +https://openai.com/gptbot)"
74.7.241.49 - - [19/Apr/2026:20:46:57 +0700] "GET /?path=%2Fhome%2Fntu100%2F.cagefs%2Ftmp&view_file=%2Fhome%2Fntu100%2F.cagefs%2Ftmp%2FphpW8QbvX HTTP/2" 200 25618 "https://ntu100.vpsttt.vn/?path=%2Fhome%2Fntu100%2F.cagefs%2Ftmp&view_file=%2Fhome%2Fntu100%2F.cagefs%2Ftmp%2Fphp2yxWnA" "Mozilla/5.0 AppleWebKit/537.36 (KHTML, like Gecko; compatible; GPTBot/1.3; +https://openai.com/gptbot)"
74.7.241.49 - - [19/Apr/2026:20:47:02 +0700] "GET /?path=%2Fhome%2Fntu100%2F.cagefs%2Ftmp&view_file=%2Fhome%2Fntu100%2F.cagefs%2Ftmp%2FphpAzhSej HTTP/2" 200 25632 "https://ntu100.vpsttt.vn/?path=%2Fhome%2Fntu100%2F.cagefs%2Ftmp&view_file=%2Fhome%2Fntu100%2F.cagefs%2Ftmp%2FphpIYCMcr" "Mozilla/5.0 AppleWebKit/537.36 (KHTML, like Gecko; compatible; GPTBot/1.3; +https://openai.com/gptbot)"
216.73.217.35 - - [19/Apr/2026:20:47:05 +0700] "GET /index.php?path=%2Fhome%2Fntu100%2Fpublic_html%2Fwp-admin%2Fcss&view_file=%2Fhome%2Fntu100%2Fpublic_html%2Fwp-admin%2Fcss%2Flogin-rtl.css HTTP/2" 200 5105 "-" "Mozilla/5.0 AppleWebKit/537.36 (KHTML, like Gecko; compatible; ClaudeBot/1.0; +claudebot@anthropic.com)"
74.7.241.49 - - [19/Apr/2026:20:47:07 +0700] "GET /?path=%2Fhome%2Fntu100%2F.cagefs%2Ftmp&view_file=%2Fhome%2Fntu100%2F.cagefs%2Ftmp%2Fphpd2v075 HTTP/2" 200 25627 "https://ntu100.vpsttt.vn/?path=%2Fhome%2Fntu100%2F.cagefs%2Ftmp&view_file=%2Fhome%2Fntu100%2F.cagefs%2Ftmp%2FphpMmzyuA" "Mozilla/5.0 AppleWebKit/537.36 (KHTML, like Gecko; compatible; GPTBot/1.3; +https://openai.com/gptbot)"
74.7.241.49 - - [19/Apr/2026:20:47:12 +0700] "GET /?path=%2Fhome%2Fntu100%2F.cagefs%2Ftmp&view_file=%2Fhome%2Fntu100%2F.cagefs%2Ftmp%2FphpaXIzLH HTTP/2" 200 25631 "https://ntu100.vpsttt.vn/?path=%2Fhome%2Fntu100%2F.cagefs%2Ftmp&view_file=%2Fhome%2Fntu100%2F.cagefs%2Ftmp%2FphpSpvg0t" "Mozilla/5.0 AppleWebKit/537.36 (KHTML, like Gecko; compatible; GPTBot/1.3; +https://openai.com/gptbot)"
74.7.241.49 - - [19/Apr/2026:20:47:17 +0700] "GET /?path=%2Fhome%2Fntu100%2F.cagefs%2Ftmp&view_file=%2Fhome%2Fntu100%2F.cagefs%2Ftmp%2Fphpbp8oSF HTTP/2" 200 25597 "https://ntu100.vpsttt.vn/?path=%2Fhome%2Fntu100%2F.cagefs%2Ftmp&view_file=%2Fhome%2Fntu100%2F.cagefs%2Ftmp%2Fphp1hQIrX" "Mozilla/5.0 AppleWebKit/537.36 (KHTML, like Gecko; compatible; GPTBot/1.3; +https://openai.com/gptbot)"
74.7.241.49 - - [19/Apr/2026:20:47:22 +0700] "GET /?path=%2Fhome%2Fntu100%2F.cagefs%2Ftmp&view_file=%2Fhome%2Fntu100%2F.cagefs%2Ftmp%2FphptPq0KI HTTP/2" 200 25628 "https://ntu100.vpsttt.vn/?path=%2Fhome%2Fntu100%2F.cagefs%2Ftmp&view_file=%2Fhome%2Fntu100%2F.cagefs%2Ftmp%2Fphp1hQIrX" "Mozilla/5.0 AppleWebKit/537.36 (KHTML, like Gecko; compatible; GPTBot/1.3; +https://openai.com/gptbot)"
74.7.241.49 - - [19/Apr/2026:20:47:27 +0700] "GET /?path=%2Fhome%2Fntu100%2F.cagefs%2Ftmp&view_file=%2Fhome%2Fntu100%2F.cagefs%2Ftmp%2FphpTlmvvz HTTP/2" 200 25638 "https://ntu100.vpsttt.vn/?path=%2Fhome%2Fntu100%2F.cagefs%2Ftmp&view_file=%2Fhome%2Fntu100%2F.cagefs%2Ftmp%2FphpiMZ5Ic" "Mozilla/5.0 AppleWebKit/537.36 (KHTML, like Gecko; compatible; GPTBot/1.3; +https://openai.com/gptbot)"
74.7.241.49 - - [19/Apr/2026:20:47:32 +0700] "GET /?path=%2Fhome%2Fntu100%2F.cagefs%2Ftmp&view_file=%2Fhome%2Fntu100%2F.cagefs%2Ftmp%2FphpontMYi HTTP/2" 200 25625 "https://ntu100.vpsttt.vn/?path=%2Fhome%2Fntu100%2F.cagefs%2Ftmp&view_file=%2Fhome%2Fntu100%2F.cagefs%2Ftmp%2FphpivpGKF" "Mozilla/5.0 AppleWebKit/537.36 (KHTML, like Gecko; compatible; GPTBot/1.3; +https://openai.com/gptbot)"
74.7.241.49 - - [19/Apr/2026:20:47:39 +0700] "GET /?path=%2Fhome%2Fntu100%2F.cagefs%2Ftmp&view_file=%2Fhome%2Fntu100%2F.cagefs%2Ftmp%2FphpkZUQZb HTTP/2" 200 25632 "https://ntu100.vpsttt.vn/?path=%2Fhome%2Fntu100%2F.cagefs%2Ftmp&view_file=%2Fhome%2Fntu100%2F.cagefs%2Ftmp%2FphpRj1jqt" "Mozilla/5.0 AppleWebKit/537.36 (KHTML, like Gecko; compatible; GPTBot/1.3; +https://openai.com/gptbot)"
74.7.241.51 - - [19/Apr/2026:20:47:37 +0700] "GET /index.php?path=%2Fhome%2Fntu100%2F.cagefs%2Ftmp&view_file=%2Fhome%2Fntu100%2F.cagefs%2Ftmp%2Fphpeyc6Ed HTTP/2" 200 1605 "https://www.ntu100.vpsttt.vn/index.php?path=%2Fhome%2Fntu100%2F.cagefs%2Ftmp&view_file=%2Fhome%2Fntu100%2F.cagefs%2Ftmp%2Fphp2jChCQ" "Mozilla/5.0 AppleWebKit/537.36 (KHTML, like Gecko; compatible; GPTBot/1.3; +https://openai.com/gptbot)"
74.7.241.51 - - [19/Apr/2026:20:47:42 +0700] "GET /index.php?path=%2Fhome%2Fntu100%2F.cagefs%2Ftmp&view_file=%2Fhome%2Fntu100%2F.cagefs%2Ftmp%2Fphp60qvMb HTTP/2" 200 1606 "https://www.ntu100.vpsttt.vn/index.php?path=%2Fhome%2Fntu100%2F.cagefs%2Ftmp&view_file=%2Fhome%2Fntu100%2F.cagefs%2Ftmp%2FphpUdclp3" "Mozilla/5.0 AppleWebKit/537.36 (KHTML, like Gecko; compatible; GPTBot/1.3; +https://openai.com/gptbot)"
74.7.241.51 - - [19/Apr/2026:20:47:47 +0700] "GET /index.php?path=%2Fhome%2Fntu100%2F.cagefs%2Ftmp&view_file=%2Fhome%2Fntu100%2F.cagefs%2Ftmp%2FphpUxXa5r HTTP/2" 200 1610 "https://www.ntu100.vpsttt.vn/index.php?path=%2Fhome%2Fntu100%2F.cagefs%2Ftmp&view_file=%2Fhome%2Fntu100%2F.cagefs%2Ftmp%2FphpzuCAnt" "Mozilla/5.0 AppleWebKit/537.36 (KHTML, like Gecko; compatible; GPTBot/1.3; +https://openai.com/gptbot)"
74.7.241.51 - - [19/Apr/2026:20:47:52 +0700] "GET /index.php?path=%2Fhome%2Fntu100%2F.cagefs%2Ftmp&view_file=%2Fhome%2Fntu100%2F.cagefs%2Ftmp%2FphpGokRhI HTTP/2" 200 1606 "https://www.ntu100.vpsttt.vn/index.php?path=%2Fhome%2Fntu100%2F.cagefs%2Ftmp&view_file=%2Fhome%2Fntu100%2F.cagefs%2Ftmp%2FphpTJa63o" "Mozilla/5.0 AppleWebKit/537.36 (KHTML, like Gecko; compatible; GPTBot/1.3; +https://openai.com/gptbot)"
74.7.241.51 - - [19/Apr/2026:20:47:57 +0700] "GET /index.php?path=%2Fhome%2Fntu100%2F.cagefs%2Ftmp&view_file=%2Fhome%2Fntu100%2F.cagefs%2Ftmp%2FphpVfwJ05 HTTP/2" 200 1603 "https://www.ntu100.vpsttt.vn/index.php?path=%2Fhome%2Fntu100%2F.cagefs%2Ftmp&view_file=%2Fhome%2Fntu100%2F.cagefs%2Ftmp%2FphphLr3lS" "Mozilla/5.0 AppleWebKit/537.36 (KHTML, like Gecko; compatible; GPTBot/1.3; +https://openai.com/gptbot)"
74.7.241.51 - - [19/Apr/2026:20:48:00 +0700] "GET /index.php?path=%2Fhome%2Fntu100%2F.cagefs%2Ftmp&view_file=%2Fhome%2Fntu100%2F.cagefs%2Ftmp%2FphpvbE77t HTTP/2" 200 1613 "https://www.ntu100.vpsttt.vn/index.php?path=%2Fhome%2Fntu100%2F.cagefs%2Ftmp&view_file=%2Fhome%2Fntu100%2F.cagefs%2Ftmp%2FphphLr3lS" "Mozilla/5.0 AppleWebKit/537.36 (KHTML, like Gecko; compatible; GPTBot/1.3; +https://openai.com/gptbot)"
74.7.241.51 - - [19/Apr/2026:20:48:04 +0700] "GET /index.php?path=%2Fhome%2Fntu100%2F.cagefs%2Ftmp&view_file=%2Fhome%2Fntu100%2F.cagefs%2Ftmp%2FphpFB0Aao HTTP/2" 200 1610 "https://www.ntu100.vpsttt.vn/index.php?path=%2Fhome%2Fntu100%2F.cagefs%2Ftmp&view_file=%2Fhome%2Fntu100%2F.cagefs%2Ftmp%2Fphp3pqVQl" "Mozilla/5.0 AppleWebKit/537.36 (KHTML, like Gecko; compatible; GPTBot/1.3; +https://openai.com/gptbot)"
74.7.241.51 - - [19/Apr/2026:20:48:07 +0700] "GET /index.php?path=%2Fhome%2Fntu100%2F.cagefs%2Ftmp&view_file=%2Fhome%2Fntu100%2F.cagefs%2Ftmp%2Fphp4kO3zo HTTP/2" 200 1611 "https://www.ntu100.vpsttt.vn/index.php?path=%2Fhome%2Fntu100%2F.cagefs%2Ftmp&view_file=%2Fhome%2Fntu100%2F.cagefs%2Ftmp%2FphpaI3sJ9" "Mozilla/5.0 AppleWebKit/537.36 (KHTML, like Gecko; compatible; GPTBot/1.3; +https://openai.com/gptbot)"
74.7.241.51 - - [19/Apr/2026:20:48:12 +0700] "GET /index.php?path=%2Fhome%2Fntu100%2F.cagefs%2Ftmp&view_file=%2Fhome%2Fntu100%2F.cagefs%2Ftmp%2Fphpku3XXM HTTP/2" 200 1609 "https://www.ntu100.vpsttt.vn/index.php?path=%2Fhome%2Fntu100%2F.cagefs%2Ftmp&view_file=%2Fhome%2Fntu100%2F.cagefs%2Ftmp%2Fphputo5uI" "Mozilla/5.0 AppleWebKit/537.36 (KHTML, like Gecko; compatible; GPTBot/1.3; +https://openai.com/gptbot)"
74.7.242.9 - - [19/Apr/2026:20:47:27 +0700] "GET /?path=%2Fhome%2Fntu100%2F.cagefs%2Ftmp&view_file=%2Fhome%2Fntu100%2F.cagefs%2Ftmp%2FphpmYHjVX HTTP/2" 200 25620 "https://mail.ntu100.vpsttt.vn/?path=%2Fhome%2Fntu100%2F.cagefs%2Ftmp&view_file=%2Fhome%2Fntu100%2F.cagefs%2Ftmp%2Fphpqweubw" "Mozilla/5.0 AppleWebKit/537.36 (KHTML, like Gecko; compatible; GPTBot/1.3; +https://openai.com/gptbot)"
74.7.242.9 - - [19/Apr/2026:20:47:32 +0700] "GET /?path=%2Fhome%2Fntu100%2F.cagefs%2Ftmp&view_file=%2Fhome%2Fntu100%2F.cagefs%2Ftmp%2Fphp7jymeJ HTTP/2" 200 25624 "https://mail.ntu100.vpsttt.vn/?path=%2Fhome%2Fntu100%2F.cagefs%2Ftmp&view_file=%2Fhome%2Fntu100%2F.cagefs%2Ftmp%2Fphp2ctpoK" "Mozilla/5.0 AppleWebKit/537.36 (KHTML, like Gecko; compatible; GPTBot/1.3; +https://openai.com/gptbot)"
74.7.242.9 - - [19/Apr/2026:20:47:39 +0700] "GET /?path=%2Fhome%2Fntu100%2F.cagefs%2Ftmp&view_file=%2Fhome%2Fntu100%2F.cagefs%2Ftmp%2FphpjnXmzK HTTP/2" 200 25645 "https://mail.ntu100.vpsttt.vn/?path=%2Fhome%2Fntu100%2F.cagefs%2Ftmp&view_file=%2Fhome%2Fntu100%2F.cagefs%2Ftmp%2FphphyKVan" "Mozilla/5.0 AppleWebKit/537.36 (KHTML, like Gecko; compatible; GPTBot/1.3; +https://openai.com/gptbot)"
74.7.242.9 - - [19/Apr/2026:20:47:45 +0700] "GET /?path=%2Fhome%2Fntu100%2F.cagefs%2Ftmp&view_file=%2Fhome%2Fntu100%2F.cagefs%2Ftmp%2Fphp1PPSph HTTP/2" 200 25622 "https://mail.ntu100.vpsttt.vn/?path=%2Fhome%2Fntu100%2F.cagefs%2Ftmp&view_file=%2Fhome%2Fntu100%2F.cagefs%2Ftmp%2FphpZrmnml" "Mozilla/5.0 AppleWebKit/537.36 (KHTML, like Gecko; compatible; GPTBot/1.3; +https://openai.com/gptbot)"
74.7.242.9 - - [19/Apr/2026:20:47:51 +0700] "GET /?path=%2Fhome%2Fntu100%2F.cagefs%2Ftmp&view_file=%2Fhome%2Fntu100%2F.cagefs%2Ftmp%2FphpuJsQbY HTTP/2" 200 25629 "https://mail.ntu100.vpsttt.vn/?path=%2Fhome%2Fntu100%2F.cagefs%2Ftmp&view_file=%2Fhome%2Fntu100%2F.cagefs%2Ftmp%2Fphpd9PQRy" "Mozilla/5.0 AppleWebKit/537.36 (KHTML, like Gecko; compatible; GPTBot/1.3; +https://openai.com/gptbot)"
74.7.242.9 - - [19/Apr/2026:20:47:57 +0700] "GET /?path=%2Fhome%2Fntu100%2F.cagefs%2Ftmp&view_file=%2Fhome%2Fntu100%2F.cagefs%2Ftmp%2FphplFeG9K HTTP/2" 200 25620 "https://mail.ntu100.vpsttt.vn/?path=%2Fhome%2Fntu100%2F.cagefs%2Ftmp&view_file=%2Fhome%2Fntu100%2F.cagefs%2Ftmp%2FphpzohpLo" "Mozilla/5.0 AppleWebKit/537.36 (KHTML, like Gecko; compatible; GPTBot/1.3; +https://openai.com/gptbot)"
74.7.242.9 - - [19/Apr/2026:20:48:02 +0700] "GET /?path=%2Fhome%2Fntu100%2F.cagefs%2Ftmp&view_file=%2Fhome%2Fntu100%2F.cagefs%2Ftmp%2FphpgwZa2g HTTP/2" 200 25610 "https://mail.ntu100.vpsttt.vn/?path=%2Fhome%2Fntu100%2F.cagefs%2Ftmp&view_file=%2Fhome%2Fntu100%2F.cagefs%2Ftmp%2FphpSoGA8x" "Mozilla/5.0 AppleWebKit/537.36 (KHTML, like Gecko; compatible; GPTBot/1.3; +https://openai.com/gptbot)"
74.7.242.9 - - [19/Apr/2026:20:48:06 +0700] "GET /?path=%2Fhome%2Fntu100%2F.cagefs%2Ftmp&view_file=%2Fhome%2Fntu100%2F.cagefs%2Ftmp%2Fphpfa8uFJ HTTP/2" 200 25609 "https://mail.ntu100.vpsttt.vn/?path=%2Fhome%2Fntu100%2F.cagefs%2Ftmp&view_file=%2Fhome%2Fntu100%2F.cagefs%2Ftmp%2FphplGQoOS" "Mozilla/5.0 AppleWebKit/537.36 (KHTML, like Gecko; compatible; GPTBot/1.3; +https://openai.com/gptbot)"
74.7.242.9 - - [19/Apr/2026:20:48:12 +0700] "GET /?path=%2Fhome%2Fntu100%2F.cagefs%2Ftmp&view_file=%2Fhome%2Fntu100%2F.cagefs%2Ftmp%2FphpkPoFdG HTTP/2" 200 25615 "https://mail.ntu100.vpsttt.vn/?path=%2Fhome%2Fntu100%2F.cagefs%2Ftmp&view_file=%2Fhome%2Fntu100%2F.cagefs%2Ftmp%2FphpMHpNCw" "Mozilla/5.0 AppleWebKit/537.36 (KHTML, like Gecko; compatible; GPTBot/1.3; +https://openai.com/gptbot)"
74.7.242.9 - - [19/Apr/2026:20:48:17 +0700] "GET /?path=%2Fhome%2Fntu100%2F.cagefs%2Ftmp&view_file=%2Fhome%2Fntu100%2F.cagefs%2Ftmp%2Fphpasp0je HTTP/2" 200 25623 "https://mail.ntu100.vpsttt.vn/?path=%2Fhome%2Fntu100%2F.cagefs%2Ftmp&view_file=%2Fhome%2Fntu100%2F.cagefs%2Ftmp%2FphpoYFjuE" "Mozilla/5.0 AppleWebKit/537.36 (KHTML, like Gecko; compatible; GPTBot/1.3; +https://openai.com/gptbot)"
74.7.241.49 - - [19/Apr/2026:20:47:45 +0700] "GET /?path=%2Fhome%2Fntu100%2F.cagefs%2Ftmp&view_file=%2Fhome%2Fntu100%2F.cagefs%2Ftmp%2FphpiEppFx HTTP/2" 200 25628 "https://ntu100.vpsttt.vn/?path=%2Fhome%2Fntu100%2F.cagefs%2Ftmp&view_file=%2Fhome%2Fntu100%2F.cagefs%2Ftmp%2Fphp1tGJnt" "Mozilla/5.0 AppleWebKit/537.36 (KHTML, like Gecko; compatible; GPTBot/1.3; +https://openai.com/gptbot)"
74.7.241.49 - - [19/Apr/2026:20:47:51 +0700] "GET /?path=%2Fhome%2Fntu100%2F.cagefs%2Ftmp&view_file=%2Fhome%2Fntu100%2F.cagefs%2Ftmp%2FphpkvjHmr HTTP/2" 200 25626 "https://ntu100.vpsttt.vn/?path=%2Fhome%2Fntu100%2F.cagefs%2Ftmp&view_file=%2Fhome%2Fntu100%2F.cagefs%2Ftmp%2FphpC3thzC" "Mozilla/5.0 AppleWebKit/537.36 (KHTML, like Gecko; compatible; GPTBot/1.3; +https://openai.com/gptbot)"
74.7.241.49 - - [19/Apr/2026:20:47:57 +0700] "GET /?path=%2Fhome%2Fntu100%2F.cagefs%2Ftmp&view_file=%2Fhome%2Fntu100%2F.cagefs%2Ftmp%2FphpD9fPfm HTTP/2" 200 25599 "https://ntu100.vpsttt.vn/?path=%2Fhome%2Fntu100%2F.cagefs%2Ftmp&view_file=%2Fhome%2Fntu100%2F.cagefs%2Ftmp%2FphpW8QbvX" "Mozilla/5.0 AppleWebKit/537.36 (KHTML, like Gecko; compatible; GPTBot/1.3; +https://openai.com/gptbot)"
74.7.241.49 - - [19/Apr/2026:20:48:02 +0700] "GET /?path=%2Fhome%2Fntu100%2F.cagefs%2Ftmp&view_file=%2Fhome%2Fntu100%2F.cagefs%2Ftmp%2FphpvttU5E HTTP/2" 200 25632 "https://ntu100.vpsttt.vn/?path=%2Fhome%2Fntu100%2F.cagefs%2Ftmp&view_file=%2Fhome%2Fntu100%2F.cagefs%2Ftmp%2FphpAzhSej" "Mozilla/5.0 AppleWebKit/537.36 (KHTML, like Gecko; compatible; GPTBot/1.3; +https://openai.com/gptbot)"
74.7.241.49 - - [19/Apr/2026:20:48:07 +0700] "GET /?path=%2Fhome%2Fntu100%2F.cagefs%2Ftmp&view_file=%2Fhome%2Fntu100%2F.cagefs%2Ftmp%2Fphpha3mag HTTP/2" 200 25626 "https://ntu100.vpsttt.vn/?path=%2Fhome%2Fntu100%2F.cagefs%2Ftmp&view_file=%2Fhome%2Fntu100%2F.cagefs%2Ftmp%2Fphpd2v075" "Mozilla/5.0 AppleWebKit/537.36 (KHTML, like Gecko; compatible; GPTBot/1.3; +https://openai.com/gptbot)"
74.7.241.49 - - [19/Apr/2026:20:48:13 +0700] "GET /?path=%2Fhome%2Fntu100%2F.cagefs%2Ftmp&view_file=%2Fhome%2Fntu100%2F.cagefs%2Ftmp%2FphpAOs8wT HTTP/2" 200 25634 "https://ntu100.vpsttt.vn/?path=%2Fhome%2Fntu100%2F.cagefs%2Ftmp&view_file=%2Fhome%2Fntu100%2F.cagefs%2Ftmp%2Fphpd2v075" "Mozilla/5.0 AppleWebKit/537.36 (KHTML, like Gecko; compatible; GPTBot/1.3; +https://openai.com/gptbot)"
74.7.241.49 - - [19/Apr/2026:20:48:17 +0700] "GET /?path=%2Fhome%2Fntu100%2F.cagefs%2Ftmp&view_file=%2Fhome%2Fntu100%2F.cagefs%2Ftmp%2FphpxJv3Tz HTTP/2" 200 25615 "https://ntu100.vpsttt.vn/?path=%2Fhome%2Fntu100%2F.cagefs%2Ftmp&view_file=%2Fhome%2Fntu100%2F.cagefs%2Ftmp%2Fphpbp8oSF" "Mozilla/5.0 AppleWebKit/537.36 (KHTML, like Gecko; compatible; GPTBot/1.3; +https://openai.com/gptbot)"
74.7.241.49 - - [19/Apr/2026:20:48:22 +0700] "GET /?path=%2Fhome%2Fntu100%2F.cagefs%2Ftmp&view_file=%2Fhome%2Fntu100%2F.cagefs%2Ftmp%2FphpJjoDlk HTTP/2" 200 25593 "https://ntu100.vpsttt.vn/?path=%2Fhome%2Fntu100%2F.cagefs%2Ftmp&view_file=%2Fhome%2Fntu100%2F.cagefs%2Ftmp%2Fphpbp8oSF" "Mozilla/5.0 AppleWebKit/537.36 (KHTML, like Gecko; compatible; GPTBot/1.3; +https://openai.com/gptbot)"
74.7.241.49 - - [19/Apr/2026:20:48:28 +0700] "GET /?path=%2Fhome%2Fntu100%2F.cagefs%2Ftmp&view_file=%2Fhome%2Fntu100%2F.cagefs%2Ftmp%2FphpTjlT9E HTTP/2" 200 25606 "https://ntu100.vpsttt.vn/?path=%2Fhome%2Fntu100%2F.cagefs%2Ftmp&view_file=%2Fhome%2Fntu100%2F.cagefs%2Ftmp%2FphptPq0KI" "Mozilla/5.0 AppleWebKit/537.36 (KHTML, like Gecko; compatible; GPTBot/1.3; +https://openai.com/gptbot)"
74.7.241.49 - - [19/Apr/2026:20:48:33 +0700] "GET /?path=%2Fhome%2Fntu100%2F.cagefs%2Ftmp&view_file=%2Fhome%2Fntu100%2F.cagefs%2Ftmp%2FphpiaWfhc HTTP/2" 200 25631 "https://ntu100.vpsttt.vn/?path=%2Fhome%2Fntu100%2F.cagefs%2Ftmp&view_file=%2Fhome%2Fntu100%2F.cagefs%2Ftmp%2FphpontMYi" "Mozilla/5.0 AppleWebKit/537.36 (KHTML, like Gecko; compatible; GPTBot/1.3; +https://openai.com/gptbot)"
74.7.241.51 - - [19/Apr/2026:20:48:17 +0700] "GET /index.php?path=%2Fhome%2Fntu100%2F.cagefs%2Ftmp&view_file=%2Fhome%2Fntu100%2F.cagefs%2Ftmp%2FphpzRbBeG HTTP/2" 200 1606 "https://www.ntu100.vpsttt.vn/index.php?path=%2Fhome%2Fntu100%2F.cagefs%2Ftmp&view_file=%2Fhome%2Fntu100%2F.cagefs%2Ftmp%2FphpaI3sJ9" "Mozilla/5.0 AppleWebKit/537.36 (KHTML, like Gecko; compatible; GPTBot/1.3; +https://openai.com/gptbot)"
74.7.241.51 - - [19/Apr/2026:20:48:21 +0700] "GET /index.php?path=%2Fhome%2Fntu100%2F.cagefs%2Ftmp&view_file=%2Fhome%2Fntu100%2F.cagefs%2Ftmp%2FphpQdZg17 HTTP/2" 200 1608 "https://www.ntu100.vpsttt.vn/index.php?path=%2Fhome%2Fntu100%2F.cagefs%2Ftmp&view_file=%2Fhome%2Fntu100%2F.cagefs%2Ftmp%2Fphp3pqVQl" "Mozilla/5.0 AppleWebKit/537.36 (KHTML, like Gecko; compatible; GPTBot/1.3; +https://openai.com/gptbot)"
74.7.241.51 - - [19/Apr/2026:20:48:25 +0700] "GET /index.php?path=%2Fhome%2Fntu100%2F.cagefs%2Ftmp&view_file=%2Fhome%2Fntu100%2F.cagefs%2Ftmp%2FphpLZRq1m HTTP/2" 200 1613 "https://www.ntu100.vpsttt.vn/index.php?path=%2Fhome%2Fntu100%2F.cagefs%2Ftmp&view_file=%2Fhome%2Fntu100%2F.cagefs%2Ftmp%2Fphp81Df7O" "Mozilla/5.0 AppleWebKit/537.36 (KHTML, like Gecko; compatible; GPTBot/1.3; +https://openai.com/gptbot)"
74.7.241.51 - - [19/Apr/2026:20:48:29 +0700] "GET /index.php?path=%2Fhome%2Fntu100%2F.cagefs%2Ftmp&view_file=%2Fhome%2Fntu100%2F.cagefs%2Ftmp%2Fphpjfkp4u HTTP/2" 200 1603 "https://www.ntu100.vpsttt.vn/index.php?path=%2Fhome%2Fntu100%2F.cagefs%2Ftmp&view_file=%2Fhome%2Fntu100%2F.cagefs%2Ftmp%2Fphp60qvMb" "Mozilla/5.0 AppleWebKit/537.36 (KHTML, like Gecko; compatible; GPTBot/1.3; +https://openai.com/gptbot)"
103.178.235.9 - - [19/Apr/2026:20:48:37 +0700] "POST /wp-cron.php?doing_wp_cron=1776606517.3176290988922119140625 HTTP/1.1" 200 0 "-" "WordPress/6.9.4; https://ntu100.vpsttt.vn"
74.7.241.51 - - [19/Apr/2026:20:48:33 +0700] "GET /index.php?path=%2Fhome%2Fntu100%2F.cagefs%2Ftmp&view_file=%2Fhome%2Fntu100%2F.cagefs%2Ftmp%2FphpwNoCvQ HTTP/2" 200 1605 "https://www.ntu100.vpsttt.vn/index.php?path=%2Fhome%2Fntu100%2F.cagefs%2Ftmp&view_file=%2Fhome%2Fntu100%2F.cagefs%2Ftmp%2FphpUxXa5r" "Mozilla/5.0 AppleWebKit/537.36 (KHTML, like Gecko; compatible; GPTBot/1.3; +https://openai.com/gptbot)"
74.7.241.51 - - [19/Apr/2026:20:48:37 +0700] "GET /index.php?path=%2Fhome%2Fntu100%2F.cagefs%2Ftmp&view_file=%2Fhome%2Fntu100%2F.cagefs%2Ftmp%2FphpmcNBY1 HTTP/2" 200 1610 "https://www.ntu100.vpsttt.vn/index.php?path=%2Fhome%2Fntu100%2F.cagefs%2Ftmp&view_file=%2Fhome%2Fntu100%2F.cagefs%2Ftmp%2FphpGokRhI" "Mozilla/5.0 AppleWebKit/537.36 (KHTML, like Gecko; compatible; GPTBot/1.3; +https://openai.com/gptbot)"
74.7.241.51 - - [19/Apr/2026:20:48:44 +0700] "GET /index.php?path=%2Fhome%2Fntu100%2F.cagefs%2Ftmp&view_file=%2Fhome%2Fntu100%2F.cagefs%2Ftmp%2Fphp0Js3xz HTTP/2" 200 1606 "https://www.ntu100.vpsttt.vn/index.php?path=%2Fhome%2Fntu100%2F.cagefs%2Ftmp&view_file=%2Fhome%2Fntu100%2F.cagefs%2Ftmp%2Fphp60qvMb" "Mozilla/5.0 AppleWebKit/537.36 (KHTML, like Gecko; compatible; GPTBot/1.3; +https://openai.com/gptbot)"
74.7.241.51 - - [19/Apr/2026:20:48:49 +0700] "GET /index.php?path=%2Fhome%2Fntu100%2F.cagefs%2Ftmp&view_file=%2Fhome%2Fntu100%2F.cagefs%2Ftmp%2Fphph4XOje HTTP/2" 200 1607 "https://www.ntu100.vpsttt.vn/index.php?path=%2Fhome%2Fntu100%2F.cagefs%2Ftmp&view_file=%2Fhome%2Fntu100%2F.cagefs%2Ftmp%2FphpVfwJ05" "Mozilla/5.0 AppleWebKit/537.36 (KHTML, like Gecko; compatible; GPTBot/1.3; +https://openai.com/gptbot)"
74.7.241.51 - - [19/Apr/2026:20:48:52 +0700] "GET /index.php?path=%2Fhome%2Fntu100%2F.cagefs%2Ftmp&view_file=%2Fhome%2Fntu100%2F.cagefs%2Ftmp%2FphpXlP0k0 HTTP/2" 200 1606 "https://www.ntu100.vpsttt.vn/index.php?path=%2Fhome%2Fntu100%2F.cagefs%2Ftmp&view_file=%2Fhome%2Fntu100%2F.cagefs%2Ftmp%2FphpFB0Aao" "Mozilla/5.0 AppleWebKit/537.36 (KHTML, like Gecko; compatible; GPTBot/1.3; +https://openai.com/gptbot)"
74.7.242.9 - - [19/Apr/2026:20:48:21 +0700] "GET /?path=%2Fhome%2Fntu100%2F.cagefs%2Ftmp&view_file=%2Fhome%2Fntu100%2F.cagefs%2Ftmp%2FphpZ7QrqL HTTP/2" 200 25640 "https://mail.ntu100.vpsttt.vn/?path=%2Fhome%2Fntu100%2F.cagefs%2Ftmp&view_file=%2Fhome%2Fntu100%2F.cagefs%2Ftmp%2FphpMHpNCw" "Mozilla/5.0 AppleWebKit/537.36 (KHTML, like Gecko; compatible; GPTBot/1.3; +https://openai.com/gptbot)"
74.7.242.9 - - [19/Apr/2026:20:48:27 +0700] "GET /?path=%2Fhome%2Fntu100%2F.cagefs%2Ftmp&view_file=%2Fhome%2Fntu100%2F.cagefs%2Ftmp%2FphpfOuFNg HTTP/2" 200 25625 "https://mail.ntu100.vpsttt.vn/?path=%2Fhome%2Fntu100%2F.cagefs%2Ftmp&view_file=%2Fhome%2Fntu100%2F.cagefs%2Ftmp%2FphpmYHjVX" "Mozilla/5.0 AppleWebKit/537.36 (KHTML, like Gecko; compatible; GPTBot/1.3; +https://openai.com/gptbot)"
74.7.242.9 - - [19/Apr/2026:20:48:32 +0700] "GET /?path=%2Fhome%2Fntu100%2F.cagefs%2Ftmp&view_file=%2Fhome%2Fntu100%2F.cagefs%2Ftmp%2Fphpyxtkpz HTTP/2" 200 25627 "https://mail.ntu100.vpsttt.vn/?path=%2Fhome%2Fntu100%2F.cagefs%2Ftmp&view_file=%2Fhome%2Fntu100%2F.cagefs%2Ftmp%2Fphp7jymeJ" "Mozilla/5.0 AppleWebKit/537.36 (KHTML, like Gecko; compatible; GPTBot/1.3; +https://openai.com/gptbot)"
74.7.242.9 - - [19/Apr/2026:20:48:36 +0700] "GET /?path=%2Fhome%2Fntu100%2F.cagefs%2Ftmp&view_file=%2Fhome%2Fntu100%2F.cagefs%2Ftmp%2FphpsDdBkn HTTP/2" 200 25623 "https://mail.ntu100.vpsttt.vn/?path=%2Fhome%2Fntu100%2F.cagefs%2Ftmp&view_file=%2Fhome%2Fntu100%2F.cagefs%2Ftmp%2Fphp7jymeJ" "Mozilla/5.0 AppleWebKit/537.36 (KHTML, like Gecko; compatible; GPTBot/1.3; +https://openai.com/gptbot)"
216.73.217.35 - - [19/Apr/2026:20:48:38 +0700] "GET /xmlrpc.php?path=%2Fhome%2Fntu100%2Fpublic_html%2Fwp-includes%2Fblocks%2Flist&view_file=%2Fhome%2Fntu100%2Fpublic_html%2Fwp-includes%2Fblocks%2Flist%2Fstyle.min.css HTTP/2" 200 1481 "-" "Mozilla/5.0 AppleWebKit/537.36 (KHTML, like Gecko; compatible; ClaudeBot/1.0; +claudebot@anthropic.com)"
74.7.242.9 - - [19/Apr/2026:20:48:43 +0700] "GET /?path=%2Fhome%2Fntu100%2F.cagefs%2Ftmp&view_file=%2Fhome%2Fntu100%2F.cagefs%2Ftmp%2Fphp5bwgFc HTTP/2" 200 25614 "https://mail.ntu100.vpsttt.vn/?path=%2Fhome%2Fntu100%2F.cagefs%2Ftmp&view_file=%2Fhome%2Fntu100%2F.cagefs%2Ftmp%2Fphp1PPSph" "Mozilla/5.0 AppleWebKit/537.36 (KHTML, like Gecko; compatible; GPTBot/1.3; +https://openai.com/gptbot)"
74.7.242.9 - - [19/Apr/2026:20:48:49 +0700] "GET /?path=%2Fhome%2Fntu100%2F.cagefs%2Ftmp&view_file=%2Fhome%2Fntu100%2F.cagefs%2Ftmp%2FphpRhwpyU HTTP/2" 200 25646 "https://mail.ntu100.vpsttt.vn/?path=%2Fhome%2Fntu100%2F.cagefs%2Ftmp&view_file=%2Fhome%2Fntu100%2F.cagefs%2Ftmp%2FphpuJsQbY" "Mozilla/5.0 AppleWebKit/537.36 (KHTML, like Gecko; compatible; GPTBot/1.3; +https://openai.com/gptbot)"
74.7.242.9 - - [19/Apr/2026:20:48:54 +0700] "GET /?path=%2Fhome%2Fntu100%2F.cagefs%2Ftmp&view_file=%2Fhome%2Fntu100%2F.cagefs%2Ftmp%2Fphpn2lIrS HTTP/2" 200 25610 "https://mail.ntu100.vpsttt.vn/?path=%2Fhome%2Fntu100%2F.cagefs%2Ftmp&view_file=%2Fhome%2Fntu100%2F.cagefs%2Ftmp%2Fphp1PPSph" "Mozilla/5.0 AppleWebKit/537.36 (KHTML, like Gecko; compatible; GPTBot/1.3; +https://openai.com/gptbot)"
74.7.242.9 - - [19/Apr/2026:20:49:00 +0700] "GET /?path=%2Fhome%2Fntu100%2F.cagefs%2Ftmp&view_file=%2Fhome%2Fntu100%2F.cagefs%2Ftmp%2FphpMtnnLk HTTP/2" 200 25619 "https://mail.ntu100.vpsttt.vn/?path=%2Fhome%2Fntu100%2F.cagefs%2Ftmp&view_file=%2Fhome%2Fntu100%2F.cagefs%2Ftmp%2FphpgwZa2g" "Mozilla/5.0 AppleWebKit/537.36 (KHTML, like Gecko; compatible; GPTBot/1.3; +https://openai.com/gptbot)"
74.7.242.9 - - [19/Apr/2026:20:49:04 +0700] "GET /?path=%2Fhome%2Fntu100%2F.cagefs%2Ftmp&view_file=%2Fhome%2Fntu100%2F.cagefs%2Ftmp%2FphpFOL8Pm HTTP/2" 200 25630 "https://mail.ntu100.vpsttt.vn/?path=%2Fhome%2Fntu100%2F.cagefs%2Ftmp&view_file=%2Fhome%2Fntu100%2F.cagefs%2Ftmp%2FphplFeG9K" "Mozilla/5.0 AppleWebKit/537.36 (KHTML, like Gecko; compatible; GPTBot/1.3; +https://openai.com/gptbot)"
74.7.241.49 - - [19/Apr/2026:20:48:37 +0700] "GET /?path=%2Fhome%2Fntu100%2F.cagefs%2Ftmp&view_file=%2Fhome%2Fntu100%2F.cagefs%2Ftmp%2Fphpaj2Rjt HTTP/2" 200 25632 "https://ntu100.vpsttt.vn/?path=%2Fhome%2Fntu100%2F.cagefs%2Ftmp&view_file=%2Fhome%2Fntu100%2F.cagefs%2Ftmp%2FphpkZUQZb" "Mozilla/5.0 AppleWebKit/537.36 (KHTML, like Gecko; compatible; GPTBot/1.3; +https://openai.com/gptbot)"
103.178.235.9 - - [19/Apr/2026:20:48:43 +0700] "POST /wp-admin/admin-ajax.php?action=async_litespeed&nonce=WN5WrvEQKeCZ8cg2NVGDWxFp0Awjahyn&litespeed_type=imgoptm HTTP/1.1" 200 3175 "-" "WordPress/6.9.4; https://ntu100.vpsttt.vn"
74.7.241.49 - - [19/Apr/2026:20:48:45 +0700] "GET /?path=%2Fhome%2Fntu100%2F.cagefs%2Ftmp&view_file=%2Fhome%2Fntu100%2F.cagefs%2Ftmp%2FphpULccpk HTTP/2" 200 25615 "https://ntu100.vpsttt.vn/?path=%2Fhome%2Fntu100%2F.cagefs%2Ftmp&view_file=%2Fhome%2Fntu100%2F.cagefs%2Ftmp%2FphpkZUQZb" "Mozilla/5.0 AppleWebKit/537.36 (KHTML, like Gecko; compatible; GPTBot/1.3; +https://openai.com/gptbot)"
74.7.241.49 - - [19/Apr/2026:20:48:50 +0700] "GET /?path=%2Fhome%2Fntu100%2F.cagefs%2Ftmp&view_file=%2Fhome%2Fntu100%2F.cagefs%2Ftmp%2FphphP8Agt HTTP/2" 200 25638 "https://ntu100.vpsttt.vn/?path=%2Fhome%2Fntu100%2F.cagefs%2Ftmp&view_file=%2Fhome%2Fntu100%2F.cagefs%2Ftmp%2FphpkvjHmr" "Mozilla/5.0 AppleWebKit/537.36 (KHTML, like Gecko; compatible; GPTBot/1.3; +https://openai.com/gptbot)"
74.7.241.49 - - [19/Apr/2026:20:48:55 +0700] "GET /?path=%2Fhome%2Fntu100%2F.cagefs%2Ftmp&view_file=%2Fhome%2Fntu100%2F.cagefs%2Ftmp%2FphpFuoA6V HTTP/2" 200 25625 "https://ntu100.vpsttt.vn/?path=%2Fhome%2Fntu100%2F.cagefs%2Ftmp&view_file=%2Fhome%2Fntu100%2F.cagefs%2Ftmp%2FphpD9fPfm" "Mozilla/5.0 AppleWebKit/537.36 (KHTML, like Gecko; compatible; GPTBot/1.3; +https://openai.com/gptbot)"
74.7.241.49 - - [19/Apr/2026:20:49:00 +0700] "GET /?path=%2Fhome%2Fntu100%2F.cagefs%2Ftmp&view_file=%2Fhome%2Fntu100%2F.cagefs%2Ftmp%2FphpZ5boJp HTTP/2" 200 25630 "https://ntu100.vpsttt.vn/?path=%2Fhome%2Fntu100%2F.cagefs%2Ftmp&view_file=%2Fhome%2Fntu100%2F.cagefs%2Ftmp%2FphpontMYi" "Mozilla/5.0 AppleWebKit/537.36 (KHTML, like Gecko; compatible; GPTBot/1.3; +https://openai.com/gptbot)"
74.7.241.49 - - [19/Apr/2026:20:49:05 +0700] "GET /?path=%2Fhome%2Fntu100%2F.cagefs%2Ftmp&view_file=%2Fhome%2Fntu100%2F.cagefs%2Ftmp%2FphpuCGbom HTTP/2" 200 25626 "https://ntu100.vpsttt.vn/?path=%2Fhome%2Fntu100%2F.cagefs%2Ftmp&view_file=%2Fhome%2Fntu100%2F.cagefs%2Ftmp%2FphpaXIzLH" "Mozilla/5.0 AppleWebKit/537.36 (KHTML, like Gecko; compatible; GPTBot/1.3; +https://openai.com/gptbot)"
74.7.241.49 - - [19/Apr/2026:20:49:09 +0700] "GET /?path=%2Fhome%2Fntu100%2F.cagefs%2Ftmp&view_file=%2Fhome%2Fntu100%2F.cagefs%2Ftmp%2FphpYLqnEC HTTP/2" 200 25624 "https://ntu100.vpsttt.vn/?path=%2Fhome%2Fntu100%2F.cagefs%2Ftmp&view_file=%2Fhome%2Fntu100%2F.cagefs%2Ftmp%2FphpRj1jqt" "Mozilla/5.0 AppleWebKit/537.36 (KHTML, like Gecko; compatible; GPTBot/1.3; +https://openai.com/gptbot)"
74.7.241.49 - - [19/Apr/2026:20:49:15 +0700] "GET /?path=%2Fhome%2Fntu100%2F.cagefs%2Ftmp&view_file=%2Fhome%2Fntu100%2F.cagefs%2Ftmp%2FphpQMqjYO HTTP/2" 200 25618 "https://ntu100.vpsttt.vn/?path=%2Fhome%2Fntu100%2F.cagefs%2Ftmp&view_file=%2Fhome%2Fntu100%2F.cagefs%2Ftmp%2FphpxJv3Tz" "Mozilla/5.0 AppleWebKit/537.36 (KHTML, like Gecko; compatible; GPTBot/1.3; +https://openai.com/gptbot)"
74.7.241.49 - - [19/Apr/2026:20:49:20 +0700] "GET /?path=%2Fhome%2Fntu100%2F.cagefs%2Ftmp&view_file=%2Fhome%2Fntu100%2F.cagefs%2Ftmp%2FphpGSRUxi HTTP/2" 200 25627 "https://ntu100.vpsttt.vn/?path=%2Fhome%2Fntu100%2F.cagefs%2Ftmp&view_file=%2Fhome%2Fntu100%2F.cagefs%2Ftmp%2FphpJjoDlk" "Mozilla/5.0 AppleWebKit/537.36 (KHTML, like Gecko; compatible; GPTBot/1.3; +https://openai.com/gptbot)"
216.73.217.35 - - [19/Apr/2026:20:49:25 +0700] "GET /index.php?path=%2Fhome%2Fntu100%2Flscache%2Fe%2F9%2Fe HTTP/2" 200 1289 "-" "Mozilla/5.0 AppleWebKit/537.36 (KHTML, like Gecko; compatible; ClaudeBot/1.0; +claudebot@anthropic.com)"
216.73.217.35 - - [19/Apr/2026:20:48:54 +0700] "GET /xmlrpc.php?path=%2Fhome%2Fntu100%2Fpublic_html%2Fwp-admin%2Fjs&view_file=%2Fhome%2Fntu100%2Fpublic_html%2Fwp-admin%2Fjs%2Fuser-suggest.js HTTP/2" 200 4742 "-" "Mozilla/5.0 AppleWebKit/537.36 (KHTML, like Gecko; compatible; ClaudeBot/1.0; +claudebot@anthropic.com)"
74.7.241.51 - - [19/Apr/2026:20:48:57 +0700] "GET /index.php?path=%2Fhome%2Fntu100%2F.cagefs%2Ftmp&view_file=%2Fhome%2Fntu100%2F.cagefs%2Ftmp%2FphpGuqCT0 HTTP/2" 200 1606 "https://www.ntu100.vpsttt.vn/index.php?path=%2Fhome%2Fntu100%2F.cagefs%2Ftmp&view_file=%2Fhome%2Fntu100%2F.cagefs%2Ftmp%2Fphp81Df7O" "Mozilla/5.0 AppleWebKit/537.36 (KHTML, like Gecko; compatible; GPTBot/1.3; +https://openai.com/gptbot)"
74.7.241.51 - - [19/Apr/2026:20:49:01 +0700] "GET /index.php?path=%2Fhome%2Fntu100%2F.cagefs%2Ftmp&view_file=%2Fhome%2Fntu100%2F.cagefs%2Ftmp%2FphpfxVHIs HTTP/2" 200 1606 "https://www.ntu100.vpsttt.vn/index.php?path=%2Fhome%2Fntu100%2F.cagefs%2Ftmp&view_file=%2Fhome%2Fntu100%2F.cagefs%2Ftmp%2Fphpku3XXM" "Mozilla/5.0 AppleWebKit/537.36 (KHTML, like Gecko; compatible; GPTBot/1.3; +https://openai.com/gptbot)"
74.7.241.51 - - [19/Apr/2026:20:49:05 +0700] "GET /index.php?path=%2Fhome%2Fntu100%2F.cagefs%2Ftmp&view_file=%2Fhome%2Fntu100%2F.cagefs%2Ftmp%2FphpNPwuiw HTTP/2" 200 1623 "https://www.ntu100.vpsttt.vn/index.php?path=%2Fhome%2Fntu100%2F.cagefs%2Ftmp&view_file=%2Fhome%2Fntu100%2F.cagefs%2Ftmp%2FphpzRbBeG" "Mozilla/5.0 AppleWebKit/537.36 (KHTML, like Gecko; compatible; GPTBot/1.3; +https://openai.com/gptbot)"
