74.7.241.49 - - [19/Apr/2026:21:05:07 +0700] "GET /?path=%2Fhome%2Fntu100%2F.cagefs%2Ftmp&view_file=%2Fhome%2Fntu100%2F.cagefs%2Ftmp%2FphpiimZ0j HTTP/2" 200 25618 "https://ntu100.vpsttt.vn/?path=%2Fhome%2Fntu100%2F.cagefs%2Ftmp&view_file=%2Fhome%2Fntu100%2F.cagefs%2Ftmp%2Fphpvieyev" "Mozilla/5.0 AppleWebKit/537.36 (KHTML, like Gecko; compatible; GPTBot/1.3; +https://openai.com/gptbot)"
74.7.241.51 - - [19/Apr/2026:21:04:39 +0700] "GET /index.php?path=%2Fhome%2Fntu100%2F.cagefs%2Ftmp&view_file=%2Fhome%2Fntu100%2F.cagefs%2Ftmp%2Fphp3A8IFL HTTP/2" 200 1603 "https://www.ntu100.vpsttt.vn/index.php?path=%2Fhome%2Fntu100%2F.cagefs%2Ftmp&view_file=%2Fhome%2Fntu100%2F.cagefs%2Ftmp%2FphpmTnfKD" "Mozilla/5.0 AppleWebKit/537.36 (KHTML, like Gecko; compatible; GPTBot/1.3; +https://openai.com/gptbot)"
103.178.235.9 - - [19/Apr/2026:21:04:43 +0700] "POST /wp-admin/admin-ajax.php?action=async_litespeed&nonce=0puf7ufzQV7DmndicCKGeJqAnB0WUu4e&litespeed_type=imgoptm HTTP/1.1" 200 3175 "-" "WordPress/6.9.4; https://ntu100.vpsttt.vn"
74.7.241.51 - - [19/Apr/2026:21:04:45 +0700] "GET /index.php?path=%2Fhome%2Fntu100%2F.cagefs%2Ftmp&view_file=%2Fhome%2Fntu100%2F.cagefs%2Ftmp%2FphpwMo5Hg HTTP/2" 200 1603 "https://www.ntu100.vpsttt.vn/index.php?path=%2Fhome%2Fntu100%2F.cagefs%2Ftmp&view_file=%2Fhome%2Fntu100%2F.cagefs%2Ftmp%2FphprvxKks" "Mozilla/5.0 AppleWebKit/537.36 (KHTML, like Gecko; compatible; GPTBot/1.3; +https://openai.com/gptbot)"
74.7.241.51 - - [19/Apr/2026:21:04:51 +0700] "GET /index.php?path=%2Fhome%2Fntu100%2F.cagefs%2Ftmp&view_file=%2Fhome%2Fntu100%2F.cagefs%2Ftmp%2FphpW4agIN HTTP/2" 200 1608 "https://www.ntu100.vpsttt.vn/index.php?path=%2Fhome%2Fntu100%2F.cagefs%2Ftmp&view_file=%2Fhome%2Fntu100%2F.cagefs%2Ftmp%2FphpZIVeyv" "Mozilla/5.0 AppleWebKit/537.36 (KHTML, like Gecko; compatible; GPTBot/1.3; +https://openai.com/gptbot)"
74.7.241.51 - - [19/Apr/2026:21:04:56 +0700] "GET /index.php?path=%2Fhome%2Fntu100%2F.cagefs%2Ftmp&view_file=%2Fhome%2Fntu100%2F.cagefs%2Ftmp%2Fphpi9aTEE HTTP/2" 200 1613 "https://www.ntu100.vpsttt.vn/index.php?path=%2Fhome%2Fntu100%2F.cagefs%2Ftmp&view_file=%2Fhome%2Fntu100%2F.cagefs%2Ftmp%2FphpcHy0xU" "Mozilla/5.0 AppleWebKit/537.36 (KHTML, like Gecko; compatible; GPTBot/1.3; +https://openai.com/gptbot)"
74.7.241.51 - - [19/Apr/2026:21:05:01 +0700] "GET /index.php?path=%2Fhome%2Fntu100%2F.cagefs%2Ftmp&view_file=%2Fhome%2Fntu100%2F.cagefs%2Ftmp%2Fphp3Ovdbd HTTP/2" 200 1610 "https://www.ntu100.vpsttt.vn/index.php?path=%2Fhome%2Fntu100%2F.cagefs%2Ftmp&view_file=%2Fhome%2Fntu100%2F.cagefs%2Ftmp%2FphprvxKks" "Mozilla/5.0 AppleWebKit/537.36 (KHTML, like Gecko; compatible; GPTBot/1.3; +https://openai.com/gptbot)"
74.7.241.51 - - [19/Apr/2026:21:05:06 +0700] "GET /index.php?path=%2Fhome%2Fntu100%2F.cagefs%2Ftmp&view_file=%2Fhome%2Fntu100%2F.cagefs%2Ftmp%2Fphp5nzEKQ HTTP/2" 200 1610 "https://www.ntu100.vpsttt.vn/index.php?path=%2Fhome%2Fntu100%2F.cagefs%2Ftmp&view_file=%2Fhome%2Fntu100%2F.cagefs%2Ftmp%2FphpnW2Byh" "Mozilla/5.0 AppleWebKit/537.36 (KHTML, like Gecko; compatible; GPTBot/1.3; +https://openai.com/gptbot)"
74.7.241.51 - - [19/Apr/2026:21:05:11 +0700] "GET /index.php?path=%2Fhome%2Fntu100%2F.cagefs%2Ftmp&view_file=%2Fhome%2Fntu100%2F.cagefs%2Ftmp%2FphpXbWegx HTTP/2" 200 1603 "https://www.ntu100.vpsttt.vn/index.php?path=%2Fhome%2Fntu100%2F.cagefs%2Ftmp&view_file=%2Fhome%2Fntu100%2F.cagefs%2Ftmp%2FphpnW2Byh" "Mozilla/5.0 AppleWebKit/537.36 (KHTML, like Gecko; compatible; GPTBot/1.3; +https://openai.com/gptbot)"
74.7.241.51 - - [19/Apr/2026:21:05:17 +0700] "GET /index.php?path=%2Fhome%2Fntu100%2F.cagefs%2Ftmp&view_file=%2Fhome%2Fntu100%2F.cagefs%2Ftmp%2FphpWNpZlH HTTP/2" 200 1610 "https://www.ntu100.vpsttt.vn/index.php?path=%2Fhome%2Fntu100%2F.cagefs%2Ftmp&view_file=%2Fhome%2Fntu100%2F.cagefs%2Ftmp%2Fphp9LpzMQ" "Mozilla/5.0 AppleWebKit/537.36 (KHTML, like Gecko; compatible; GPTBot/1.3; +https://openai.com/gptbot)"
74.7.241.51 - - [19/Apr/2026:21:05:23 +0700] "GET /index.php?path=%2Fhome%2Fntu100%2F.cagefs%2Ftmp&view_file=%2Fhome%2Fntu100%2F.cagefs%2Ftmp%2FphpBTtX7v HTTP/2" 200 1609 "https://www.ntu100.vpsttt.vn/index.php?path=%2Fhome%2Fntu100%2F.cagefs%2Ftmp&view_file=%2Fhome%2Fntu100%2F.cagefs%2Ftmp%2FphpzAbxo3" "Mozilla/5.0 AppleWebKit/537.36 (KHTML, like Gecko; compatible; GPTBot/1.3; +https://openai.com/gptbot)"
74.7.242.9 - - [19/Apr/2026:21:05:02 +0700] "GET /?path=%2Fhome%2Fntu100%2F.cagefs%2Ftmp&view_file=%2Fhome%2Fntu100%2F.cagefs%2Ftmp%2FphpXtAhCu HTTP/2" 200 25626 "https://mail.ntu100.vpsttt.vn/?path=%2Fhome%2Fntu100%2F.cagefs%2Ftmp&view_file=%2Fhome%2Fntu100%2F.cagefs%2Ftmp%2FphpkUEjb4" "Mozilla/5.0 AppleWebKit/537.36 (KHTML, like Gecko; compatible; GPTBot/1.3; +https://openai.com/gptbot)"
74.7.242.9 - - [19/Apr/2026:21:05:07 +0700] "GET /?path=%2Fhome%2Fntu100%2F.cagefs%2Ftmp&view_file=%2Fhome%2Fntu100%2F.cagefs%2Ftmp%2Fphp6feQfi HTTP/2" 200 25621 "https://mail.ntu100.vpsttt.vn/?path=%2Fhome%2Fntu100%2F.cagefs%2Ftmp&view_file=%2Fhome%2Fntu100%2F.cagefs%2Ftmp%2Fphp1IwvjV" "Mozilla/5.0 AppleWebKit/537.36 (KHTML, like Gecko; compatible; GPTBot/1.3; +https://openai.com/gptbot)"
74.7.242.9 - - [19/Apr/2026:21:05:14 +0700] "GET /?path=%2Fhome%2Fntu100%2F.cagefs%2Ftmp&view_file=%2Fhome%2Fntu100%2F.cagefs%2Ftmp%2FphpdHgpIh HTTP/2" 200 25619 "https://mail.ntu100.vpsttt.vn/?path=%2Fhome%2Fntu100%2F.cagefs%2Ftmp&view_file=%2Fhome%2Fntu100%2F.cagefs%2Ftmp%2FphpnW2Byh" "Mozilla/5.0 AppleWebKit/537.36 (KHTML, like Gecko; compatible; GPTBot/1.3; +https://openai.com/gptbot)"
74.7.242.9 - - [19/Apr/2026:21:05:21 +0700] "GET /?path=%2Fhome%2Fntu100%2F.cagefs%2Ftmp&view_file=%2Fhome%2Fntu100%2F.cagefs%2Ftmp%2FphpHKviPf HTTP/2" 200 25619 "https://mail.ntu100.vpsttt.vn/?path=%2Fhome%2Fntu100%2F.cagefs%2Ftmp&view_file=%2Fhome%2Fntu100%2F.cagefs%2Ftmp%2FphpaEHj8V" "Mozilla/5.0 AppleWebKit/537.36 (KHTML, like Gecko; compatible; GPTBot/1.3; +https://openai.com/gptbot)"
74.7.242.9 - - [19/Apr/2026:21:05:26 +0700] "GET /?path=%2Fhome%2Fntu100%2F.cagefs%2Ftmp&view_file=%2Fhome%2Fntu100%2F.cagefs%2Ftmp%2FphpqGcQOW HTTP/2" 200 25617 "https://mail.ntu100.vpsttt.vn/?path=%2Fhome%2Fntu100%2F.cagefs%2Ftmp&view_file=%2Fhome%2Fntu100%2F.cagefs%2Ftmp%2FphpkUEjb4" "Mozilla/5.0 AppleWebKit/537.36 (KHTML, like Gecko; compatible; GPTBot/1.3; +https://openai.com/gptbot)"
74.7.242.9 - - [19/Apr/2026:21:05:31 +0700] "GET /?path=%2Fhome%2Fntu100%2F.cagefs%2Ftmp&view_file=%2Fhome%2Fntu100%2F.cagefs%2Ftmp%2FphpvEdJV7 HTTP/2" 200 25614 "https://mail.ntu100.vpsttt.vn/?path=%2Fhome%2Fntu100%2F.cagefs%2Ftmp&view_file=%2Fhome%2Fntu100%2F.cagefs%2Ftmp%2Fphpsm0rfH" "Mozilla/5.0 AppleWebKit/537.36 (KHTML, like Gecko; compatible; GPTBot/1.3; +https://openai.com/gptbot)"
74.7.242.9 - - [19/Apr/2026:21:05:37 +0700] "GET /?path=%2Fhome%2Fntu100%2F.cagefs%2Ftmp&view_file=%2Fhome%2Fntu100%2F.cagefs%2Ftmp%2FphpdzBuhh HTTP/2" 200 25613 "https://mail.ntu100.vpsttt.vn/?path=%2Fhome%2Fntu100%2F.cagefs%2Ftmp&view_file=%2Fhome%2Fntu100%2F.cagefs%2Ftmp%2Fphp5YEZHe" "Mozilla/5.0 AppleWebKit/537.36 (KHTML, like Gecko; compatible; GPTBot/1.3; +https://openai.com/gptbot)"
74.7.242.9 - - [19/Apr/2026:21:05:42 +0700] "GET /?path=%2Fhome%2Fntu100%2F.cagefs%2Ftmp&view_file=%2Fhome%2Fntu100%2F.cagefs%2Ftmp%2FphpWcAh4Y HTTP/2" 200 25620 "https://mail.ntu100.vpsttt.vn/?path=%2Fhome%2Fntu100%2F.cagefs%2Ftmp&view_file=%2Fhome%2Fntu100%2F.cagefs%2Ftmp%2Fphp5YEZHe" "Mozilla/5.0 AppleWebKit/537.36 (KHTML, like Gecko; compatible; GPTBot/1.3; +https://openai.com/gptbot)"
216.73.217.35 - - [19/Apr/2026:21:05:50 +0700] "GET /index.php?path=%2Fhome%2Fntu100%2Fpublic_html%2Fwp-content%2Fplugins%2Fwp-file-manager%2Flib%2Fcodemirror%2Fmode%2Fsoy&view_file=%2Fhome%2Fntu100%2Fpublic_html%2Fwp-content%2Fplugins%2Fwp-file-manager%2Flib%2Fcodemirror%2Fmode%2Fsoy%2Findex.html HTTP/2" 200 2260 "-" "Mozilla/5.0 AppleWebKit/537.36 (KHTML, like Gecko; compatible; ClaudeBot/1.0; +claudebot@anthropic.com)"
74.7.242.9 - - [19/Apr/2026:21:05:50 +0700] "GET /?path=%2Fhome%2Fntu100%2F.cagefs%2Ftmp&view_file=%2Fhome%2Fntu100%2F.cagefs%2Ftmp%2FphpDQwhq9 HTTP/2" 200 25634 "https://mail.ntu100.vpsttt.vn/?path=%2Fhome%2Fntu100%2F.cagefs%2Ftmp&view_file=%2Fhome%2Fntu100%2F.cagefs%2Ftmp%2FphpnW2Byh" "Mozilla/5.0 AppleWebKit/537.36 (KHTML, like Gecko; compatible; GPTBot/1.3; +https://openai.com/gptbot)"
74.7.241.49 - - [19/Apr/2026:21:05:14 +0700] "GET /?path=%2Fhome%2Fntu100%2F.cagefs%2Ftmp&view_file=%2Fhome%2Fntu100%2F.cagefs%2Ftmp%2FphpLdqucM HTTP/2" 200 25627 "https://ntu100.vpsttt.vn/?path=%2Fhome%2Fntu100%2F.cagefs%2Ftmp&view_file=%2Fhome%2Fntu100%2F.cagefs%2Ftmp%2FphpR0LsXb" "Mozilla/5.0 AppleWebKit/537.36 (KHTML, like Gecko; compatible; GPTBot/1.3; +https://openai.com/gptbot)"
74.7.241.49 - - [19/Apr/2026:21:05:20 +0700] "GET /?path=%2Fhome%2Fntu100%2F.cagefs%2Ftmp&view_file=%2Fhome%2Fntu100%2F.cagefs%2Ftmp%2Fphp6SKLlz HTTP/2" 200 25630 "https://ntu100.vpsttt.vn/?path=%2Fhome%2Fntu100%2F.cagefs%2Ftmp&view_file=%2Fhome%2Fntu100%2F.cagefs%2Ftmp%2Fphp5yHyoI" "Mozilla/5.0 AppleWebKit/537.36 (KHTML, like Gecko; compatible; GPTBot/1.3; +https://openai.com/gptbot)"
74.7.241.49 - - [19/Apr/2026:21:05:26 +0700] "GET /?path=%2Fhome%2Fntu100%2F.cagefs%2Ftmp&view_file=%2Fhome%2Fntu100%2F.cagefs%2Ftmp%2FphpY1jPxw HTTP/2" 200 25615 "https://ntu100.vpsttt.vn/?path=%2Fhome%2Fntu100%2F.cagefs%2Ftmp&view_file=%2Fhome%2Fntu100%2F.cagefs%2Ftmp%2FphpsvlDEO" "Mozilla/5.0 AppleWebKit/537.36 (KHTML, like Gecko; compatible; GPTBot/1.3; +https://openai.com/gptbot)"
74.7.241.49 - - [19/Apr/2026:21:05:31 +0700] "GET /?path=%2Fhome%2Fntu100%2F.cagefs%2Ftmp&view_file=%2Fhome%2Fntu100%2F.cagefs%2Ftmp%2FphpgTWSpa HTTP/2" 200 25623 "https://ntu100.vpsttt.vn/?path=%2Fhome%2Fntu100%2F.cagefs%2Ftmp&view_file=%2Fhome%2Fntu100%2F.cagefs%2Ftmp%2FphpT4QTXy" "Mozilla/5.0 AppleWebKit/537.36 (KHTML, like Gecko; compatible; GPTBot/1.3; +https://openai.com/gptbot)"
103.178.235.9 - - [19/Apr/2026:21:05:41 +0700] "POST /wp-cron.php?doing_wp_cron=1776607541.2341239452362060546875 HTTP/1.1" 200 0 "-" "WordPress/6.9.4; https://ntu100.vpsttt.vn"
74.7.241.49 - - [19/Apr/2026:21:05:37 +0700] "GET /?path=%2Fhome%2Fntu100%2F.cagefs%2Ftmp&view_file=%2Fhome%2Fntu100%2F.cagefs%2Ftmp%2Fphpiczucc HTTP/2" 200 25634 "https://ntu100.vpsttt.vn/?path=%2Fhome%2Fntu100%2F.cagefs%2Ftmp&view_file=%2Fhome%2Fntu100%2F.cagefs%2Ftmp%2Fphpxpw0es" "Mozilla/5.0 AppleWebKit/537.36 (KHTML, like Gecko; compatible; GPTBot/1.3; +https://openai.com/gptbot)"
74.7.241.49 - - [19/Apr/2026:21:05:43 +0700] "GET /?path=%2Fhome%2Fntu100%2F.cagefs%2Ftmp&view_file=%2Fhome%2Fntu100%2F.cagefs%2Ftmp%2Fphpo6fSas HTTP/2" 200 25595 "https://ntu100.vpsttt.vn/?path=%2Fhome%2Fntu100%2F.cagefs%2Ftmp&view_file=%2Fhome%2Fntu100%2F.cagefs%2Ftmp%2FphpouKuZr" "Mozilla/5.0 AppleWebKit/537.36 (KHTML, like Gecko; compatible; GPTBot/1.3; +https://openai.com/gptbot)"
103.178.235.9 - - [19/Apr/2026:21:05:48 +0700] "POST /wp-admin/admin-ajax.php?action=async_litespeed&nonce=SN2FC28V8MBuOqNN1hRR3Uo11dQuuhW4&litespeed_type=imgoptm HTTP/1.1" 200 3175 "-" "WordPress/6.9.4; https://ntu100.vpsttt.vn"
74.7.241.49 - - [19/Apr/2026:21:05:49 +0700] "GET /?path=%2Fhome%2Fntu100%2F.cagefs%2Ftmp&view_file=%2Fhome%2Fntu100%2F.cagefs%2Ftmp%2FphpyhWw2n HTTP/2" 200 25626 "https://ntu100.vpsttt.vn/?path=%2Fhome%2Fntu100%2F.cagefs%2Ftmp&view_file=%2Fhome%2Fntu100%2F.cagefs%2Ftmp%2FphpKSPOxX" "Mozilla/5.0 AppleWebKit/537.36 (KHTML, like Gecko; compatible; GPTBot/1.3; +https://openai.com/gptbot)"
74.7.241.49 - - [19/Apr/2026:21:05:56 +0700] "GET /?path=%2Fhome%2Fntu100%2F.cagefs%2Ftmp&view_file=%2Fhome%2Fntu100%2F.cagefs%2Ftmp%2FphpNgfYeI HTTP/2" 200 25626 "https://ntu100.vpsttt.vn/?path=%2Fhome%2Fntu100%2F.cagefs%2Ftmp&view_file=%2Fhome%2Fntu100%2F.cagefs%2Ftmp%2FphpH2GWbP" "Mozilla/5.0 AppleWebKit/537.36 (KHTML, like Gecko; compatible; GPTBot/1.3; +https://openai.com/gptbot)"
74.7.241.49 - - [19/Apr/2026:21:06:02 +0700] "GET /?path=%2Fhome%2Fntu100%2F.cagefs%2Ftmp&view_file=%2Fhome%2Fntu100%2F.cagefs%2Ftmp%2FphpTkVoFT HTTP/2" 200 25616 "https://ntu100.vpsttt.vn/?path=%2Fhome%2Fntu100%2F.cagefs%2Ftmp&view_file=%2Fhome%2Fntu100%2F.cagefs%2Ftmp%2Fphpxpw0es" "Mozilla/5.0 AppleWebKit/537.36 (KHTML, like Gecko; compatible; GPTBot/1.3; +https://openai.com/gptbot)"
74.7.241.51 - - [19/Apr/2026:21:05:27 +0700] "GET /index.php?path=%2Fhome%2Fntu100%2F.cagefs%2Ftmp&view_file=%2Fhome%2Fntu100%2F.cagefs%2Ftmp%2FphpEhNR5c HTTP/2" 200 1608 "https://www.ntu100.vpsttt.vn/index.php?path=%2Fhome%2Fntu100%2F.cagefs%2Ftmp&view_file=%2Fhome%2Fntu100%2F.cagefs%2Ftmp%2FphpSuV8iJ" "Mozilla/5.0 AppleWebKit/537.36 (KHTML, like Gecko; compatible; GPTBot/1.3; +https://openai.com/gptbot)"
74.7.241.51 - - [19/Apr/2026:21:05:31 +0700] "GET /index.php?path=%2Fhome%2Fntu100%2F.cagefs%2Ftmp&view_file=%2Fhome%2Fntu100%2F.cagefs%2Ftmp%2Fphp9wYfvm HTTP/2" 200 1610 "https://www.ntu100.vpsttt.vn/index.php?path=%2Fhome%2Fntu100%2F.cagefs%2Ftmp&view_file=%2Fhome%2Fntu100%2F.cagefs%2Ftmp%2FphpLFAfKb" "Mozilla/5.0 AppleWebKit/537.36 (KHTML, like Gecko; compatible; GPTBot/1.3; +https://openai.com/gptbot)"
74.7.241.51 - - [19/Apr/2026:21:05:36 +0700] "GET /index.php?path=%2Fhome%2Fntu100%2F.cagefs%2Ftmp&view_file=%2Fhome%2Fntu100%2F.cagefs%2Ftmp%2FphpniiUdy HTTP/2" 200 1604 "https://www.ntu100.vpsttt.vn/index.php?path=%2Fhome%2Fntu100%2F.cagefs%2Ftmp&view_file=%2Fhome%2Fntu100%2F.cagefs%2Ftmp%2Fphp3A8IFL" "Mozilla/5.0 AppleWebKit/537.36 (KHTML, like Gecko; compatible; GPTBot/1.3; +https://openai.com/gptbot)"
74.7.241.51 - - [19/Apr/2026:21:05:41 +0700] "GET /index.php?path=%2Fhome%2Fntu100%2F.cagefs%2Ftmp&view_file=%2Fhome%2Fntu100%2F.cagefs%2Ftmp%2FphpSgQqJf HTTP/2" 200 1606 "https://www.ntu100.vpsttt.vn/index.php?path=%2Fhome%2Fntu100%2F.cagefs%2Ftmp&view_file=%2Fhome%2Fntu100%2F.cagefs%2Ftmp%2FphpwMo5Hg" "Mozilla/5.0 AppleWebKit/537.36 (KHTML, like Gecko; compatible; GPTBot/1.3; +https://openai.com/gptbot)"
74.7.241.51 - - [19/Apr/2026:21:05:48 +0700] "GET /index.php?path=%2Fhome%2Fntu100%2F.cagefs%2Ftmp&view_file=%2Fhome%2Fntu100%2F.cagefs%2Ftmp%2Fphp7kox9T HTTP/2" 200 1608 "https://www.ntu100.vpsttt.vn/index.php?path=%2Fhome%2Fntu100%2F.cagefs%2Ftmp&view_file=%2Fhome%2Fntu100%2F.cagefs%2Ftmp%2FphpW4agIN" "Mozilla/5.0 AppleWebKit/537.36 (KHTML, like Gecko; compatible; GPTBot/1.3; +https://openai.com/gptbot)"
74.7.241.51 - - [19/Apr/2026:21:05:55 +0700] "GET /index.php?path=%2Fhome%2Fntu100%2F.cagefs%2Ftmp&view_file=%2Fhome%2Fntu100%2F.cagefs%2Ftmp%2FphpTwtx3P HTTP/2" 200 1608 "https://www.ntu100.vpsttt.vn/index.php?path=%2Fhome%2Fntu100%2F.cagefs%2Ftmp&view_file=%2Fhome%2Fntu100%2F.cagefs%2Ftmp%2Fphpi9aTEE" "Mozilla/5.0 AppleWebKit/537.36 (KHTML, like Gecko; compatible; GPTBot/1.3; +https://openai.com/gptbot)"
74.7.241.51 - - [19/Apr/2026:21:05:59 +0700] "GET /index.php?path=%2Fhome%2Fntu100%2F.cagefs%2Ftmp&view_file=%2Fhome%2Fntu100%2F.cagefs%2Ftmp%2Fphpb5iZwD HTTP/2" 200 1605 "https://www.ntu100.vpsttt.vn/index.php?path=%2Fhome%2Fntu100%2F.cagefs%2Ftmp&view_file=%2Fhome%2Fntu100%2F.cagefs%2Ftmp%2FphpcHy0xU" "Mozilla/5.0 AppleWebKit/537.36 (KHTML, like Gecko; compatible; GPTBot/1.3; +https://openai.com/gptbot)"
74.7.241.51 - - [19/Apr/2026:21:06:05 +0700] "GET /index.php?path=%2Fhome%2Fntu100%2F.cagefs%2Ftmp&view_file=%2Fhome%2Fntu100%2F.cagefs%2Ftmp%2FphpVHo9pB HTTP/2" 200 1607 "https://www.ntu100.vpsttt.vn/index.php?path=%2Fhome%2Fntu100%2F.cagefs%2Ftmp&view_file=%2Fhome%2Fntu100%2F.cagefs%2Ftmp%2Fphp5nzEKQ" "Mozilla/5.0 AppleWebKit/537.36 (KHTML, like Gecko; compatible; GPTBot/1.3; +https://openai.com/gptbot)"
74.7.241.51 - - [19/Apr/2026:21:06:09 +0700] "GET /index.php?path=%2Fhome%2Fntu100%2F.cagefs%2Ftmp&view_file=%2Fhome%2Fntu100%2F.cagefs%2Ftmp%2FphppvHcOQ HTTP/2" 200 1609 "https://www.ntu100.vpsttt.vn/index.php?path=%2Fhome%2Fntu100%2F.cagefs%2Ftmp&view_file=%2Fhome%2Fntu100%2F.cagefs%2Ftmp%2Fphp4Vvnt9" "Mozilla/5.0 AppleWebKit/537.36 (KHTML, like Gecko; compatible; GPTBot/1.3; +https://openai.com/gptbot)"
103.178.235.9 - - [19/Apr/2026:20:56:38 +0700] "POST /wp-cron.php?doing_wp_cron=1776606998.4156560897827148437500 HTTP/1.1" 200 0 "-" "WordPress/6.9.4; https://ntu100.vpsttt.vn"
103.178.235.9 - - [19/Apr/2026:20:57:39 +0700] "POST /wp-cron.php?doing_wp_cron=1776607058.9280159473419189453125 HTTP/1.1" 200 0 "-" "WordPress/6.9.4; https://ntu100.vpsttt.vn"
216.73.217.35 - - [19/Apr/2026:20:57:37 +0700] "GET /index.php?path=%2Fhome%2Fntu100%2Fpublic_html%2Fwp-content%2Fplugins%2Flitespeed-cache%2Fsrc&view_file=%2Fhome%2Fntu100%2Fpublic_html%2Fwp-content%2Fplugins%2Flitespeed-cache%2Fsrc%2Fstr.cls.php HTTP/2" 200 2839 "-" "Mozilla/5.0 AppleWebKit/537.36 (KHTML, like Gecko; compatible; ClaudeBot/1.0; +claudebot@anthropic.com)"
216.73.217.35 - - [19/Apr/2026:20:57:43 +0700] "GET /index.php?path=%2Fhome%2Fntu100%2Fpublic_html%2Fwp-content%2Fplugins%2Flitespeed-cache%2Fcli&view_file=%2Fhome%2Fntu100%2Fpublic_html%2Fwp-content%2Fplugins%2Flitespeed-cache%2Fcli%2Foption.cls.php HTTP/2" 200 4278 "-" "Mozilla/5.0 AppleWebKit/537.36 (KHTML, like Gecko; compatible; ClaudeBot/1.0; +claudebot@anthropic.com)"
216.73.217.35 - - [19/Apr/2026:20:57:54 +0700] "GET /index.php?path=%2Fhome%2Fntu100%2Fpublic_html%2Fwp-content%2Fplugins%2Flitespeed-cache%2Fsrc&view_file=%2Fhome%2Fntu100%2Fpublic_html%2Fwp-content%2Fplugins%2Flitespeed-cache%2Fsrc%2Fcore.cls.php HTTP/2" 200 9206 "-" "Mozilla/5.0 AppleWebKit/537.36 (KHTML, like Gecko; compatible; ClaudeBot/1.0; +claudebot@anthropic.com)"
103.178.235.9 - - [19/Apr/2026:20:58:44 +0700] "POST /wp-admin/admin-ajax.php?action=async_litespeed&nonce=OXSciby6Kgw8dILRNjaXfZ1Ex32C0PyZ&litespeed_type=imgoptm HTTP/1.1" 200 3175 "-" "WordPress/6.9.4; https://ntu100.vpsttt.vn"
103.178.235.9 - - [19/Apr/2026:21:00:38 +0700] "POST /wp-cron.php?doing_wp_cron=1776607238.0124840736389160156250 HTTP/1.1" 200 0 "-" "WordPress/6.9.4; https://ntu100.vpsttt.vn"
216.73.217.35 - - [19/Apr/2026:21:01:41 +0700] "GET /index.php?path=%2Fhome%2Fntu100%2Fpublic_html%2Fwp-content%2Fplugins%2Fwoocommerce%2Fincludes&view_file=%2Fhome%2Fntu100%2Fpublic_html%2Fwp-content%2Fplugins%2Fwoocommerce%2Fincludes%2Fclass-wc-emails.php HTTP/2" 200 9521 "-" "Mozilla/5.0 AppleWebKit/537.36 (KHTML, like Gecko; compatible; ClaudeBot/1.0; +claudebot@anthropic.com)"
216.73.217.35 - - [19/Apr/2026:21:01:51 +0700] "GET /index.php?path=%2Fhome%2Fntu100%2Fwww%2Fwp-content%2Fplugins%2Fwoocommerce%2Fsrc%2FInternal%2FAdmin&view_file=%2Fhome%2Fntu100%2Fwww%2Fwp-content%2Fplugins%2Fwoocommerce%2Fsrc%2FInternal%2FAdmin%2FCoupons.php HTTP/2" 200 3359 "-" "Mozilla/5.0 AppleWebKit/537.36 (KHTML, like Gecko; compatible; ClaudeBot/1.0; +claudebot@anthropic.com)"
216.73.217.35 - - [19/Apr/2026:21:02:46 +0700] "GET /index.php?path=%2Fhome%2Fntu100%2Fpublic_html%2Fwp-content%2Fthemes&view_file=%2Fhome%2Fntu100%2Fpublic_html%2Fwp-content%2Fthemes%2Fadmin.php HTTP/2" 200 2328 "-" "Mozilla/5.0 AppleWebKit/537.36 (KHTML, like Gecko; compatible; ClaudeBot/1.0; +claudebot@anthropic.com)"
216.73.217.35 - - [19/Apr/2026:21:02:53 +0700] "GET /index.php?path=%2Fhome%2Fntu100%2Fwww%2Fwp-admin&view_file=%2Fhome%2Fntu100%2Fwww%2Fwp-admin%2Fprofile.php HTTP/2" 200 3160 "-" "Mozilla/5.0 AppleWebKit/537.36 (KHTML, like Gecko; compatible; ClaudeBot/1.0; +claudebot@anthropic.com)"
103.178.235.9 - - [19/Apr/2026:21:03:38 +0700] "POST /wp-cron.php?doing_wp_cron=1776607418.4255330562591552734375 HTTP/1.1" 200 0 "-" "WordPress/6.9.4; https://ntu100.vpsttt.vn"
216.73.217.35 - - [19/Apr/2026:21:04:58 +0700] "GET /xmlrpc.php?path=%2Fhome%2Fntu100%2F.cpanel%2Fnvdata&view_file=%2Fhome%2Fntu100%2F.cpanel%2Fnvdata%2Fshowhiddenfiles HTTP/2" 200 1554 "-" "Mozilla/5.0 AppleWebKit/537.36 (KHTML, like Gecko; compatible; ClaudeBot/1.0; +claudebot@anthropic.com)"
216.73.217.35 - - [19/Apr/2026:21:05:08 +0700] "GET /?path=%2Fhome%2Fntu100%2Fpublic_html%2Fwp-includes%2Fblocks%2Fheading&view_file=%2Fhome%2Fntu100%2Fpublic_html%2Fwp-includes%2Fblocks%2Fheading%2Fblock.json HTTP/2" 200 26130 "-" "Mozilla/5.0 AppleWebKit/537.36 (KHTML, like Gecko; compatible; ClaudeBot/1.0; +claudebot@anthropic.com)"
216.73.217.35 - - [19/Apr/2026:21:06:10 +0700] "GET /index.php?path=%2Fhome%2Fntu100%2Fpublic_html%2Fwp-content%2Fplugins%2Fwp-file-manager%2Flib%2Fcodemirror%2Fmode%2Fsmarty&view_file=%2Fhome%2Fntu100%2Fpublic_html%2Fwp-content%2Fplugins%2Fwp-file-manager%2Flib%2Fcodemirror%2Fmode%2Fsmarty%2Findex.html HTTP/2" 200 3105 "-" "Mozilla/5.0 AppleWebKit/537.36 (KHTML, like Gecko; compatible; ClaudeBot/1.0; +claudebot@anthropic.com)"
74.7.241.51 - - [19/Apr/2026:21:06:14 +0700] "GET /index.php?path=%2Fhome%2Fntu100%2F.cagefs%2Ftmp&view_file=%2Fhome%2Fntu100%2F.cagefs%2Ftmp%2FphpgdI471 HTTP/2" 200 1607 "https://www.ntu100.vpsttt.vn/index.php?path=%2Fhome%2Fntu100%2F.cagefs%2Ftmp&view_file=%2Fhome%2Fntu100%2F.cagefs%2Ftmp%2FphppDSX2z" "Mozilla/5.0 AppleWebKit/537.36 (KHTML, like Gecko; compatible; GPTBot/1.3; +https://openai.com/gptbot)"
216.73.217.35 - - [19/Apr/2026:21:06:15 +0700] "GET /index.php?path=%2Fhome%2Fntu100%2Fpublic_html%2Fwp-content%2Fplugins%2Fwp-file-manager%2Flib%2Fcodemirror%2Fmode%2Fpug&view_file=%2Fhome%2Fntu100%2Fpublic_html%2Fwp-content%2Fplugins%2Fwp-file-manager%2Flib%2Fcodemirror%2Fmode%2Fpug%2Findex.html HTTP/2" 200 2411 "-" "Mozilla/5.0 AppleWebKit/537.36 (KHTML, like Gecko; compatible; ClaudeBot/1.0; +claudebot@anthropic.com)"
74.7.241.51 - - [19/Apr/2026:21:06:19 +0700] "GET /index.php?path=%2Fhome%2Fntu100%2F.cagefs%2Ftmp&view_file=%2Fhome%2Fntu100%2F.cagefs%2Ftmp%2FphpVSPBfW HTTP/2" 200 1610 "https://www.ntu100.vpsttt.vn/index.php?path=%2Fhome%2Fntu100%2F.cagefs%2Ftmp&view_file=%2Fhome%2Fntu100%2F.cagefs%2Ftmp%2FphpBTtX7v" "Mozilla/5.0 AppleWebKit/537.36 (KHTML, like Gecko; compatible; GPTBot/1.3; +https://openai.com/gptbot)"
216.73.217.35 - - [19/Apr/2026:21:06:20 +0700] "GET /index.php?path=%2Fhome%2Fntu100%2Fpublic_html%2Fwp-includes%2Fjs&view_file=%2Fhome%2Fntu100%2Fpublic_html%2Fwp-includes%2Fjs%2Fcustomize-base.min.js HTTP/2" 200 6485 "-" "Mozilla/5.0 AppleWebKit/537.36 (KHTML, like Gecko; compatible; ClaudeBot/1.0; +claudebot@anthropic.com)"
74.7.241.51 - - [19/Apr/2026:21:06:24 +0700] "GET /index.php?path=%2Fhome%2Fntu100%2F.cagefs%2Ftmp&view_file=%2Fhome%2Fntu100%2F.cagefs%2Ftmp%2Fphp2FIWHY HTTP/2" 200 1606 "https://www.ntu100.vpsttt.vn/index.php?path=%2Fhome%2Fntu100%2F.cagefs%2Ftmp&view_file=%2Fhome%2Fntu100%2F.cagefs%2Ftmp%2FphpEhNR5c" "Mozilla/5.0 AppleWebKit/537.36 (KHTML, like Gecko; compatible; GPTBot/1.3; +https://openai.com/gptbot)"
216.73.217.35 - - [19/Apr/2026:21:06:25 +0700] "GET /index.php?path=%2Fhome%2Fntu100%2Fpublic_html%2Fwp-includes%2Fblocks%2Fheading&view_file=%2Fhome%2Fntu100%2Fpublic_html%2Fwp-includes%2Fblocks%2Fheading%2Fstyle.min.css HTTP/2" 200 1551 "-" "Mozilla/5.0 AppleWebKit/537.36 (KHTML, like Gecko; compatible; ClaudeBot/1.0; +claudebot@anthropic.com)"
74.7.241.51 - - [19/Apr/2026:21:06:28 +0700] "GET /index.php?path=%2Fhome%2Fntu100%2F.cagefs%2Ftmp&view_file=%2Fhome%2Fntu100%2F.cagefs%2Ftmp%2Fphpn9Ns7G HTTP/2" 200 1606 "https://www.ntu100.vpsttt.vn/index.php?path=%2Fhome%2Fntu100%2F.cagefs%2Ftmp&view_file=%2Fhome%2Fntu100%2F.cagefs%2Ftmp%2Fphp9wYfvm" "Mozilla/5.0 AppleWebKit/537.36 (KHTML, like Gecko; compatible; GPTBot/1.3; +https://openai.com/gptbot)"
74.7.241.51 - - [19/Apr/2026:21:06:32 +0700] "GET /index.php?path=%2Fhome%2Fntu100%2F.cagefs%2Ftmp&view_file=%2Fhome%2Fntu100%2F.cagefs%2Ftmp%2FphpWpsrU9 HTTP/2" 200 1612 "https://www.ntu100.vpsttt.vn/index.php?path=%2Fhome%2Fntu100%2F.cagefs%2Ftmp&view_file=%2Fhome%2Fntu100%2F.cagefs%2Ftmp%2FphpniiUdy" "Mozilla/5.0 AppleWebKit/537.36 (KHTML, like Gecko; compatible; GPTBot/1.3; +https://openai.com/gptbot)"
74.7.241.51 - - [19/Apr/2026:21:06:36 +0700] "GET /index.php?path=%2Fhome%2Fntu100%2F.cagefs%2Ftmp&view_file=%2Fhome%2Fntu100%2F.cagefs%2Ftmp%2FphpmUYY8U HTTP/2" 200 1603 "https://www.ntu100.vpsttt.vn/index.php?path=%2Fhome%2Fntu100%2F.cagefs%2Ftmp&view_file=%2Fhome%2Fntu100%2F.cagefs%2Ftmp%2FphpSgQqJf" "Mozilla/5.0 AppleWebKit/537.36 (KHTML, like Gecko; compatible; GPTBot/1.3; +https://openai.com/gptbot)"
74.7.242.9 - - [19/Apr/2026:21:05:57 +0700] "GET /?path=%2Fhome%2Fntu100%2F.cagefs%2Ftmp&view_file=%2Fhome%2Fntu100%2F.cagefs%2Ftmp%2FphpjIUFKm HTTP/2" 200 25624 "https://mail.ntu100.vpsttt.vn/?path=%2Fhome%2Fntu100%2F.cagefs%2Ftmp&view_file=%2Fhome%2Fntu100%2F.cagefs%2Ftmp%2FphpNlcLy5" "Mozilla/5.0 AppleWebKit/537.36 (KHTML, like Gecko; compatible; GPTBot/1.3; +https://openai.com/gptbot)"
216.73.217.35 - - [19/Apr/2026:21:05:59 +0700] "GET /index.php?path=%2Fhome%2Fntu100%2Fpublic_html%2Fwp-includes%2Fblocks%2Fparagraph&view_file=%2Fhome%2Fntu100%2Fpublic_html%2Fwp-includes%2Fblocks%2Fparagraph%2Feditor-rtl.css HTTP/2" 200 1677 "-" "Mozilla/5.0 AppleWebKit/537.36 (KHTML, like Gecko; compatible; ClaudeBot/1.0; +claudebot@anthropic.com)"
74.7.242.9 - - [19/Apr/2026:21:06:03 +0700] "GET /?path=%2Fhome%2Fntu100%2F.cagefs%2Ftmp&view_file=%2Fhome%2Fntu100%2F.cagefs%2Ftmp%2Fphpk1JkQS HTTP/2" 200 25622 "https://mail.ntu100.vpsttt.vn/?path=%2Fhome%2Fntu100%2F.cagefs%2Ftmp&view_file=%2Fhome%2Fntu100%2F.cagefs%2Ftmp%2Fphpsm0rfH" "Mozilla/5.0 AppleWebKit/537.36 (KHTML, like Gecko; compatible; GPTBot/1.3; +https://openai.com/gptbot)"
74.7.242.9 - - [19/Apr/2026:21:06:08 +0700] "GET /?path=%2Fhome%2Fntu100%2F.cagefs%2Ftmp&view_file=%2Fhome%2Fntu100%2F.cagefs%2Ftmp%2Fphp9iSIBG HTTP/2" 200 25629 "https://mail.ntu100.vpsttt.vn/?path=%2Fhome%2Fntu100%2F.cagefs%2Ftmp&view_file=%2Fhome%2Fntu100%2F.cagefs%2Ftmp%2FphplP3uhj" "Mozilla/5.0 AppleWebKit/537.36 (KHTML, like Gecko; compatible; GPTBot/1.3; +https://openai.com/gptbot)"
74.7.242.9 - - [19/Apr/2026:21:06:13 +0700] "GET /?path=%2Fhome%2Fntu100%2F.cagefs%2Ftmp&view_file=%2Fhome%2Fntu100%2F.cagefs%2Ftmp%2Fphpi8dhqc HTTP/2" 200 25623 "https://mail.ntu100.vpsttt.vn/?path=%2Fhome%2Fntu100%2F.cagefs%2Ftmp&view_file=%2Fhome%2Fntu100%2F.cagefs%2Ftmp%2FphpINuNZ7" "Mozilla/5.0 AppleWebKit/537.36 (KHTML, like Gecko; compatible; GPTBot/1.3; +https://openai.com/gptbot)"
74.7.242.9 - - [19/Apr/2026:21:06:19 +0700] "GET /?path=%2Fhome%2Fntu100%2F.cagefs%2Ftmp&view_file=%2Fhome%2Fntu100%2F.cagefs%2Ftmp%2FphpjUZIsw HTTP/2" 200 25626 "https://mail.ntu100.vpsttt.vn/?path=%2Fhome%2Fntu100%2F.cagefs%2Ftmp&view_file=%2Fhome%2Fntu100%2F.cagefs%2Ftmp%2FphpdHgpIh" "Mozilla/5.0 AppleWebKit/537.36 (KHTML, like Gecko; compatible; GPTBot/1.3; +https://openai.com/gptbot)"
74.7.242.9 - - [19/Apr/2026:21:06:25 +0700] "GET /?path=%2Fhome%2Fntu100%2F.cagefs%2Ftmp&view_file=%2Fhome%2Fntu100%2F.cagefs%2Ftmp%2FphploXDPm HTTP/2" 200 25628 "https://mail.ntu100.vpsttt.vn/?path=%2Fhome%2Fntu100%2F.cagefs%2Ftmp&view_file=%2Fhome%2Fntu100%2F.cagefs%2Ftmp%2FphpHKviPf" "Mozilla/5.0 AppleWebKit/537.36 (KHTML, like Gecko; compatible; GPTBot/1.3; +https://openai.com/gptbot)"
74.7.242.9 - - [19/Apr/2026:21:06:31 +0700] "GET /?path=%2Fhome%2Fntu100%2F.cagefs%2Ftmp&view_file=%2Fhome%2Fntu100%2F.cagefs%2Ftmp%2FphpAVnQOZ HTTP/2" 200 25621 "https://mail.ntu100.vpsttt.vn/?path=%2Fhome%2Fntu100%2F.cagefs%2Ftmp&view_file=%2Fhome%2Fntu100%2F.cagefs%2Ftmp%2FphpqGcQOW" "Mozilla/5.0 AppleWebKit/537.36 (KHTML, like Gecko; compatible; GPTBot/1.3; +https://openai.com/gptbot)"
74.7.242.9 - - [19/Apr/2026:21:06:37 +0700] "GET /?path=%2Fhome%2Fntu100%2F.cagefs%2Ftmp&view_file=%2Fhome%2Fntu100%2F.cagefs%2Ftmp%2FphpRKxE4M HTTP/2" 200 25628 "https://mail.ntu100.vpsttt.vn/?path=%2Fhome%2Fntu100%2F.cagefs%2Ftmp&view_file=%2Fhome%2Fntu100%2F.cagefs%2Ftmp%2FphpvEdJV7" "Mozilla/5.0 AppleWebKit/537.36 (KHTML, like Gecko; compatible; GPTBot/1.3; +https://openai.com/gptbot)"
74.7.242.9 - - [19/Apr/2026:21:06:44 +0700] "GET /?path=%2Fhome%2Fntu100%2F.cagefs%2Ftmp&view_file=%2Fhome%2Fntu100%2F.cagefs%2Ftmp%2FphpFP4hpe HTTP/2" 200 25623 "https://mail.ntu100.vpsttt.vn/?path=%2Fhome%2Fntu100%2F.cagefs%2Ftmp&view_file=%2Fhome%2Fntu100%2F.cagefs%2Ftmp%2FphpdzBuhh" "Mozilla/5.0 AppleWebKit/537.36 (KHTML, like Gecko; compatible; GPTBot/1.3; +https://openai.com/gptbot)"
74.7.241.49 - - [19/Apr/2026:21:06:07 +0700] "GET /?path=%2Fhome%2Fntu100%2F.cagefs%2Ftmp&view_file=%2Fhome%2Fntu100%2F.cagefs%2Ftmp%2FphpuftjiW HTTP/2" 200 25614 "https://ntu100.vpsttt.vn/?path=%2Fhome%2Fntu100%2F.cagefs%2Ftmp&view_file=%2Fhome%2Fntu100%2F.cagefs%2Ftmp%2FphpQuxmLm" "Mozilla/5.0 AppleWebKit/537.36 (KHTML, like Gecko; compatible; GPTBot/1.3; +https://openai.com/gptbot)"
74.7.241.49 - - [19/Apr/2026:21:06:13 +0700] "GET /?path=%2Fhome%2Fntu100%2F.cagefs%2Ftmp&view_file=%2Fhome%2Fntu100%2F.cagefs%2Ftmp%2FphpajtTmY HTTP/2" 200 25634 "https://ntu100.vpsttt.vn/?path=%2Fhome%2Fntu100%2F.cagefs%2Ftmp&view_file=%2Fhome%2Fntu100%2F.cagefs%2Ftmp%2FphpiimZ0j" "Mozilla/5.0 AppleWebKit/537.36 (KHTML, like Gecko; compatible; GPTBot/1.3; +https://openai.com/gptbot)"
74.7.241.49 - - [19/Apr/2026:21:06:19 +0700] "GET /?path=%2Fhome%2Fntu100%2F.cagefs%2Ftmp&view_file=%2Fhome%2Fntu100%2F.cagefs%2Ftmp%2Fphp6sxjas HTTP/2" 200 25617 "https://ntu100.vpsttt.vn/?path=%2Fhome%2Fntu100%2F.cagefs%2Ftmp&view_file=%2Fhome%2Fntu100%2F.cagefs%2Ftmp%2FphpLdqucM" "Mozilla/5.0 AppleWebKit/537.36 (KHTML, like Gecko; compatible; GPTBot/1.3; +https://openai.com/gptbot)"
74.7.241.49 - - [19/Apr/2026:21:06:25 +0700] "GET /?path=%2Fhome%2Fntu100%2F.cagefs%2Ftmp&view_file=%2Fhome%2Fntu100%2F.cagefs%2Ftmp%2FphpsA7iTZ HTTP/2" 200 25634 "https://ntu100.vpsttt.vn/?path=%2Fhome%2Fntu100%2F.cagefs%2Ftmp&view_file=%2Fhome%2Fntu100%2F.cagefs%2Ftmp%2FphpiimZ0j" "Mozilla/5.0 AppleWebKit/537.36 (KHTML, like Gecko; compatible; GPTBot/1.3; +https://openai.com/gptbot)"
74.7.241.49 - - [19/Apr/2026:21:06:31 +0700] "GET /?path=%2Fhome%2Fntu100%2F.cagefs%2Ftmp&view_file=%2Fhome%2Fntu100%2F.cagefs%2Ftmp%2Fphpm8tjNI HTTP/2" 200 25613 "https://ntu100.vpsttt.vn/?path=%2Fhome%2Fntu100%2F.cagefs%2Ftmp&view_file=%2Fhome%2Fntu100%2F.cagefs%2Ftmp%2FphpepltSN" "Mozilla/5.0 AppleWebKit/537.36 (KHTML, like Gecko; compatible; GPTBot/1.3; +https://openai.com/gptbot)"
74.7.241.49 - - [19/Apr/2026:21:06:36 +0700] "GET /?path=%2Fhome%2Fntu100%2F.cagefs%2Ftmp&view_file=%2Fhome%2Fntu100%2F.cagefs%2Ftmp%2FphpLcU8xc HTTP/2" 200 25616 "https://ntu100.vpsttt.vn/?path=%2Fhome%2Fntu100%2F.cagefs%2Ftmp&view_file=%2Fhome%2Fntu100%2F.cagefs%2Ftmp%2FphpEKHT1Z" "Mozilla/5.0 AppleWebKit/537.36 (KHTML, like Gecko; compatible; GPTBot/1.3; +https://openai.com/gptbot)"
74.7.241.49 - - [19/Apr/2026:21:06:42 +0700] "GET /?path=%2Fhome%2Fntu100%2F.cagefs%2Ftmp&view_file=%2Fhome%2Fntu100%2F.cagefs%2Ftmp%2FphpOWdrzU HTTP/2" 200 25641 "https://ntu100.vpsttt.vn/?path=%2Fhome%2Fntu100%2F.cagefs%2Ftmp&view_file=%2Fhome%2Fntu100%2F.cagefs%2Ftmp%2FphpQuxmLm" "Mozilla/5.0 AppleWebKit/537.36 (KHTML, like Gecko; compatible; GPTBot/1.3; +https://openai.com/gptbot)"
74.7.241.49 - - [19/Apr/2026:21:06:50 +0700] "GET /?path=%2Fhome%2Fntu100%2F.cagefs%2Ftmp&view_file=%2Fhome%2Fntu100%2F.cagefs%2Ftmp%2FphpVCetwh HTTP/2" 200 25628 "https://ntu100.vpsttt.vn/?path=%2Fhome%2Fntu100%2F.cagefs%2Ftmp&view_file=%2Fhome%2Fntu100%2F.cagefs%2Ftmp%2Fphpo6fSas" "Mozilla/5.0 AppleWebKit/537.36 (KHTML, like Gecko; compatible; GPTBot/1.3; +https://openai.com/gptbot)"
74.7.241.49 - - [19/Apr/2026:21:06:57 +0700] "GET /?path=%2Fhome%2Fntu100%2F.cagefs%2Ftmp&view_file=%2Fhome%2Fntu100%2F.cagefs%2Ftmp%2FphpEgbAta HTTP/2" 200 25610 "https://ntu100.vpsttt.vn/?path=%2Fhome%2Fntu100%2F.cagefs%2Ftmp&view_file=%2Fhome%2Fntu100%2F.cagefs%2Ftmp%2Fphpo6fSas" "Mozilla/5.0 AppleWebKit/537.36 (KHTML, like Gecko; compatible; GPTBot/1.3; +https://openai.com/gptbot)"
216.73.217.35 - - [19/Apr/2026:21:07:00 +0700] "GET /?path=%2Fhome%2Fntu100%2F.cagefs%2Ftmp&view_file=%2Fhome%2Fntu100%2F.cagefs%2Ftmp%2FphpPrIs4K HTTP/2" 200 25633 "-" "Mozilla/5.0 AppleWebKit/537.36 (KHTML, like Gecko; compatible; ClaudeBot/1.0; +claudebot@anthropic.com)"
74.7.241.51 - - [19/Apr/2026:21:06:41 +0700] "GET /index.php?path=%2Fhome%2Fntu100%2F.cagefs%2Ftmp&view_file=%2Fhome%2Fntu100%2F.cagefs%2Ftmp%2FphpaIaie0 HTTP/2" 200 1605 "https://www.ntu100.vpsttt.vn/index.php?path=%2Fhome%2Fntu100%2F.cagefs%2Ftmp&view_file=%2Fhome%2Fntu100%2F.cagefs%2Ftmp%2Fphp7kox9T" "Mozilla/5.0 AppleWebKit/537.36 (KHTML, like Gecko; compatible; GPTBot/1.3; +https://openai.com/gptbot)"
74.7.241.51 - - [19/Apr/2026:21:06:48 +0700] "GET /index.php?path=%2Fhome%2Fntu100%2F.cagefs%2Ftmp&view_file=%2Fhome%2Fntu100%2F.cagefs%2Ftmp%2FphpKQIc3p HTTP/2" 200 1607 "https://www.ntu100.vpsttt.vn/index.php?path=%2Fhome%2Fntu100%2F.cagefs%2Ftmp&view_file=%2Fhome%2Fntu100%2F.cagefs%2Ftmp%2FphpTwtx3P" "Mozilla/5.0 AppleWebKit/537.36 (KHTML, like Gecko; compatible; GPTBot/1.3; +https://openai.com/gptbot)"
74.7.241.51 - - [19/Apr/2026:21:06:55 +0700] "GET /index.php?path=%2Fhome%2Fntu100%2F.cagefs%2Ftmp&view_file=%2Fhome%2Fntu100%2F.cagefs%2Ftmp%2FphpGV9lbb HTTP/2" 200 1606 "https://www.ntu100.vpsttt.vn/index.php?path=%2Fhome%2Fntu100%2F.cagefs%2Ftmp&view_file=%2Fhome%2Fntu100%2F.cagefs%2Ftmp%2FphpSgQqJf" "Mozilla/5.0 AppleWebKit/537.36 (KHTML, like Gecko; compatible; GPTBot/1.3; +https://openai.com/gptbot)"
74.7.241.51 - - [19/Apr/2026:21:06:59 +0700] "GET /index.php?path=%2Fhome%2Fntu100%2F.cagefs%2Ftmp&view_file=%2Fhome%2Fntu100%2F.cagefs%2Ftmp%2Fphp0z8YbM HTTP/2" 200 1604 "https://www.ntu100.vpsttt.vn/index.php?path=%2Fhome%2Fntu100%2F.cagefs%2Ftmp&view_file=%2Fhome%2Fntu100%2F.cagefs%2Ftmp%2FphpVHo9pB" "Mozilla/5.0 AppleWebKit/537.36 (KHTML, like Gecko; compatible; GPTBot/1.3; +https://openai.com/gptbot)"
216.73.217.35 - - [19/Apr/2026:21:07:02 +0700] "GET /index.php?path=%2Fhome%2Fntu100%2Fwww%2Fwp-content%2Fplugins%2Fwp-file-manager%2Flib&view_file=%2Fhome%2Fntu100%2Fwww%2Fwp-content%2Fplugins%2Fwp-file-manager%2Flib%2Fmain.default.js HTTP/2" 200 4888 "-" "Mozilla/5.0 AppleWebKit/537.36 (KHTML, like Gecko; compatible; ClaudeBot/1.0; +claudebot@anthropic.com)"
74.7.241.51 - - [19/Apr/2026:21:07:05 +0700] "GET /index.php?path=%2Fhome%2Fntu100%2F.cagefs%2Ftmp&view_file=%2Fhome%2Fntu100%2F.cagefs%2Ftmp%2FphpKQCPzp HTTP/2" 200 1621 "https://www.ntu100.vpsttt.vn/index.php?path=%2Fhome%2Fntu100%2F.cagefs%2Ftmp&view_file=%2Fhome%2Fntu100%2F.cagefs%2Ftmp%2FphppvHcOQ" "Mozilla/5.0 AppleWebKit/537.36 (KHTML, like Gecko; compatible; GPTBot/1.3; +https://openai.com/gptbot)"
216.73.217.35 - - [19/Apr/2026:21:07:08 +0700] "GET /index.php?path=%2Fhome%2Fntu100%2Fpublic_html%2Fwp-includes%2Fblocks%2Fmedia-text&view_file=%2Fhome%2Fntu100%2Fpublic_html%2Fwp-includes%2Fblocks%2Fmedia-text%2Fstyle.min.css HTTP/2" 200 1991 "-" "Mozilla/5.0 AppleWebKit/537.36 (KHTML, like Gecko; compatible; ClaudeBot/1.0; +claudebot@anthropic.com)"
74.7.241.51 - - [19/Apr/2026:21:07:11 +0700] "GET /index.php?path=%2Fhome%2Fntu100%2F.cagefs%2Ftmp&view_file=%2Fhome%2Fntu100%2F.cagefs%2Ftmp%2FphpDWIWOf HTTP/2" 200 1606 "https://www.ntu100.vpsttt.vn/index.php?path=%2Fhome%2Fntu100%2F.cagefs%2Ftmp&view_file=%2Fhome%2Fntu100%2F.cagefs%2Ftmp%2FphpgdI471" "Mozilla/5.0 AppleWebKit/537.36 (KHTML, like Gecko; compatible; GPTBot/1.3; +https://openai.com/gptbot)"
74.7.241.51 - - [19/Apr/2026:21:07:16 +0700] "GET /index.php?path=%2Fhome%2Fntu100%2F.cagefs%2Ftmp&view_file=%2Fhome%2Fntu100%2F.cagefs%2Ftmp%2FphpRAipl6 HTTP/2" 200 1611 "https://www.ntu100.vpsttt.vn/index.php?path=%2Fhome%2Fntu100%2F.cagefs%2Ftmp&view_file=%2Fhome%2Fntu100%2F.cagefs%2Ftmp%2FphpVSPBfW" "Mozilla/5.0 AppleWebKit/537.36 (KHTML, like Gecko; compatible; GPTBot/1.3; +https://openai.com/gptbot)"
74.7.241.51 - - [19/Apr/2026:21:07:22 +0700] "GET /index.php?path=%2Fhome%2Fntu100%2F.cagefs%2Ftmp&view_file=%2Fhome%2Fntu100%2F.cagefs%2Ftmp%2FphpAvIh1t HTTP/2" 200 1611 "https://www.ntu100.vpsttt.vn/index.php?path=%2Fhome%2Fntu100%2F.cagefs%2Ftmp&view_file=%2Fhome%2Fntu100%2F.cagefs%2Ftmp%2Fphp2FIWHY" "Mozilla/5.0 AppleWebKit/537.36 (KHTML, like Gecko; compatible; GPTBot/1.3; +https://openai.com/gptbot)"
74.7.242.9 - - [19/Apr/2026:21:06:52 +0700] "GET /?path=%2Fhome%2Fntu100%2F.cagefs%2Ftmp&view_file=%2Fhome%2Fntu100%2F.cagefs%2Ftmp%2FphpLg2BRF HTTP/2" 200 25639 "https://mail.ntu100.vpsttt.vn/?path=%2Fhome%2Fntu100%2F.cagefs%2Ftmp&view_file=%2Fhome%2Fntu100%2F.cagefs%2Ftmp%2FphpWcAh4Y" "Mozilla/5.0 AppleWebKit/537.36 (KHTML, like Gecko; compatible; GPTBot/1.3; +https://openai.com/gptbot)"
74.7.242.9 - - [19/Apr/2026:21:06:58 +0700] "GET /?path=%2Fhome%2Fntu100%2F.cagefs%2Ftmp&view_file=%2Fhome%2Fntu100%2F.cagefs%2Ftmp%2FphpjGqSVF HTTP/2" 200 25623 "https://mail.ntu100.vpsttt.vn/?path=%2Fhome%2Fntu100%2F.cagefs%2Ftmp&view_file=%2Fhome%2Fntu100%2F.cagefs%2Ftmp%2Fphpklxm5e" "Mozilla/5.0 AppleWebKit/537.36 (KHTML, like Gecko; compatible; GPTBot/1.3; +https://openai.com/gptbot)"
74.7.242.9 - - [19/Apr/2026:21:07:05 +0700] "GET /?path=%2Fhome%2Fntu100%2F.cagefs%2Ftmp&view_file=%2Fhome%2Fntu100%2F.cagefs%2Ftmp%2FphpVZmpqq HTTP/2" 200 25627 "https://mail.ntu100.vpsttt.vn/?path=%2Fhome%2Fntu100%2F.cagefs%2Ftmp&view_file=%2Fhome%2Fntu100%2F.cagefs%2Ftmp%2FphpjIUFKm" "Mozilla/5.0 AppleWebKit/537.36 (KHTML, like Gecko; compatible; GPTBot/1.3; +https://openai.com/gptbot)"
74.7.242.9 - - [19/Apr/2026:21:07:11 +0700] "GET /?path=%2Fhome%2Fntu100%2F.cagefs%2Ftmp&view_file=%2Fhome%2Fntu100%2F.cagefs%2Ftmp%2FphpvNi5dU HTTP/2" 200 25630 "https://mail.ntu100.vpsttt.vn/?path=%2Fhome%2Fntu100%2F.cagefs%2Ftmp&view_file=%2Fhome%2Fntu100%2F.cagefs%2Ftmp%2Fphpk1JkQS" "Mozilla/5.0 AppleWebKit/537.36 (KHTML, like Gecko; compatible; GPTBot/1.3; +https://openai.com/gptbot)"
74.7.242.9 - - [19/Apr/2026:21:07:18 +0700] "GET /?path=%2Fhome%2Fntu100%2F.cagefs%2Ftmp&view_file=%2Fhome%2Fntu100%2F.cagefs%2Ftmp%2FphpSqC2xM HTTP/2" 200 25622 "https://mail.ntu100.vpsttt.vn/?path=%2Fhome%2Fntu100%2F.cagefs%2Ftmp&view_file=%2Fhome%2Fntu100%2F.cagefs%2Ftmp%2FphpjIUFKm" "Mozilla/5.0 AppleWebKit/537.36 (KHTML, like Gecko; compatible; GPTBot/1.3; +https://openai.com/gptbot)"
74.7.242.9 - - [19/Apr/2026:21:07:24 +0700] "GET /?path=%2Fhome%2Fntu100%2F.cagefs%2Ftmp&view_file=%2Fhome%2Fntu100%2F.cagefs%2Ftmp%2FphpkdAWwU HTTP/2" 200 25593 "https://mail.ntu100.vpsttt.vn/?path=%2Fhome%2Fntu100%2F.cagefs%2Ftmp&view_file=%2Fhome%2Fntu100%2F.cagefs%2Ftmp%2FphpdzBuhh" "Mozilla/5.0 AppleWebKit/537.36 (KHTML, like Gecko; compatible; GPTBot/1.3; +https://openai.com/gptbot)"
74.7.242.9 - - [19/Apr/2026:21:07:28 +0700] "GET /?path=%2Fhome%2Fntu100%2F.cagefs%2Ftmp&view_file=%2Fhome%2Fntu100%2F.cagefs%2Ftmp%2FphpZKNxiF HTTP/2" 200 25598 "https://mail.ntu100.vpsttt.vn/?path=%2Fhome%2Fntu100%2F.cagefs%2Ftmp&view_file=%2Fhome%2Fntu100%2F.cagefs%2Ftmp%2FphpdHgpIh" "Mozilla/5.0 AppleWebKit/537.36 (KHTML, like Gecko; compatible; GPTBot/1.3; +https://openai.com/gptbot)"
216.73.217.35 - - [19/Apr/2026:21:07:29 +0700] "GET /xmlrpc.php?path=%2Fhome%2Fntu100%2Flscache%2Fb%2F2%2F4&view_file=%2Fhome%2Fntu100%2Flscache%2Fb%2F2%2F4%2Fb2410189d5e9f76d HTTP/2" 200 2947 "-" "Mozilla/5.0 AppleWebKit/537.36 (KHTML, like Gecko; compatible; ClaudeBot/1.0; +claudebot@anthropic.com)"
103.178.235.9 - - [19/Apr/2026:21:07:38 +0700] "POST /wp-cron.php?doing_wp_cron=1776607658.0179369449615478515625 HTTP/1.1" 200 0 "-" "WordPress/6.9.4; https://ntu100.vpsttt.vn"
74.7.242.9 - - [19/Apr/2026:21:07:34 +0700] "GET /?path=%2Fhome%2Fntu100%2F.cagefs%2Ftmp&view_file=%2Fhome%2Fntu100%2F.cagefs%2Ftmp%2FphpFQk4oQ HTTP/2" 200 25625 "https://mail.ntu100.vpsttt.vn/?path=%2Fhome%2Fntu100%2F.cagefs%2Ftmp&view_file=%2Fhome%2Fntu100%2F.cagefs%2Ftmp%2FphpgscYpv" "Mozilla/5.0 AppleWebKit/537.36 (KHTML, like Gecko; compatible; GPTBot/1.3; +https://openai.com/gptbot)"
216.73.217.35 - - [19/Apr/2026:21:07:38 +0700] "GET /xmlrpc.php?path=%2Fhome%2Fntu100%2Fpublic_html%2Fwp-includes%2Fblocks%2Faccordion-heading&view_file=%2Fhome%2Fntu100%2Fpublic_html%2Fwp-includes%2Fblocks%2Faccordion-heading%2Fstyle.min.css HTTP/2" 200 1653 "-" "Mozilla/5.0 AppleWebKit/537.36 (KHTML, like Gecko; compatible; ClaudeBot/1.0; +claudebot@anthropic.com)"
216.73.217.35 - - [19/Apr/2026:21:02:41 +0700] "GET /index.php?path=%2Fhome%2Fntu100%2Fpublic_html%2Fwp-includes%2Fpomo&view_file=%2Fhome%2Fntu100%2Fpublic_html%2Fwp-includes%2Fpomo%2Fplural-forms.php HTTP/2" 200 3555 "-" "Mozilla/5.0 AppleWebKit/537.36 (KHTML, like Gecko; compatible; ClaudeBot/1.0; +claudebot@anthropic.com)"
216.73.217.35 - - [19/Apr/2026:21:04:04 +0700] "GET /xmlrpc.php?path=%2Fhome%2Fntu100%2Fwww%2Fwp-includes%2Fjs&view_file=%2Fhome%2Fntu100%2Fwww%2Fwp-includes%2Fjs%2Fwp-lists.js HTTP/2" 200 9739 "-" "Mozilla/5.0 AppleWebKit/537.36 (KHTML, like Gecko; compatible; ClaudeBot/1.0; +claudebot@anthropic.com)"
216.73.217.35 - - [19/Apr/2026:21:04:13 +0700] "GET /?path=%2Fhome%2Fntu100%2Fpublic_html%2Fwp-content%2Fplugins%2Fwoocommerce%2Fincludes&view_file=%2Fhome%2Fntu100%2Fpublic_html%2Fwp-content%2Fplugins%2Fwoocommerce%2Fincludes%2Fclass-wc-privacy.php HTTP/2" 200 32088 "-" "Mozilla/5.0 AppleWebKit/537.36 (KHTML, like Gecko; compatible; ClaudeBot/1.0; +claudebot@anthropic.com)"
216.73.217.35 - - [19/Apr/2026:21:04:40 +0700] "GET /?path=%2Fhome%2Fntu100%2Fpublic_html%2Fwp-content%2Fplugins%2Fwoocommerce%2Fincludes&view_file=%2Fhome%2Fntu100%2Fpublic_html%2Fwp-content%2Fplugins%2Fwoocommerce%2Fincludes%2Fclass-wc-geolite-integration.php HTTP/2" 200 28676 "-" "Mozilla/5.0 AppleWebKit/537.36 (KHTML, like Gecko; compatible; ClaudeBot/1.0; +claudebot@anthropic.com)"
216.73.217.35 - - [19/Apr/2026:21:04:48 +0700] "GET /?path=%2Fhome%2Fntu100%2Fpublic_html%2Fwp-includes%2Fblocks%2Fgroup&view_file=%2Fhome%2Fntu100%2Fpublic_html%2Fwp-includes%2Fblocks%2Fgroup%2Fstyle-rtl.css HTTP/2" 200 25517 "-" "Mozilla/5.0 AppleWebKit/537.36 (KHTML, like Gecko; compatible; ClaudeBot/1.0; +claudebot@anthropic.com)"
216.73.217.35 - - [19/Apr/2026:21:05:10 +0700] "GET /index.php?path=%2Fhome%2Fntu100%2Fmail%2Fcur HTTP/2" 301 1124 "-" "Mozilla/5.0 AppleWebKit/537.36 (KHTML, like Gecko; compatible; ClaudeBot/1.0; +claudebot@anthropic.com)"
216.73.217.35 - - [19/Apr/2026:21:05:17 +0700] "GET /?path=%2Fhome%2Fntu100%2Fmail%2Fcur HTTP/2" 200 0 "https://www.ntu100.vpsttt.vn/index.php?path=%2Fhome%2Fntu100%2Fmail%2Fcur" "Mozilla/5.0 AppleWebKit/537.36 (KHTML, like Gecko; compatible; ClaudeBot/1.0; +claudebot@anthropic.com)"
216.73.217.35 - - [19/Apr/2026:21:05:19 +0700] "GET /index.php?path=%2Fhome%2Fntu100%2Fpublic_html%2Fwp-includes%2Fjs%2Fdist&view_file=%2Fhome%2Fntu100%2Fpublic_html%2Fwp-includes%2Fjs%2Fdist%2Fserver-side-render.js HTTP/2" 200 6924 "-" "Mozilla/5.0 AppleWebKit/537.36 (KHTML, like Gecko; compatible; ClaudeBot/1.0; +claudebot@anthropic.com)"
216.73.217.35 - - [19/Apr/2026:21:05:30 +0700] "GET /index.php?path=%2Fhome%2Fntu100%2Fpublic_html%2Fwp-includes%2Fjs%2Fdist&view_file=%2Fhome%2Fntu100%2Fpublic_html%2Fwp-includes%2Fjs%2Fdist%2Fshortcode.min.js HTTP/2" 200 5753 "-" "Mozilla/5.0 AppleWebKit/537.36 (KHTML, like Gecko; compatible; ClaudeBot/1.0; +claudebot@anthropic.com)"
216.73.217.35 - - [19/Apr/2026:21:05:39 +0700] "GET /index.php?path=%2Fhome%2Fntu100%2Fpublic_html%2Fwp-content%2Fplugins%2Fwp-file-manager%2Flib%2Fcodemirror%2Fmode%2Fslim&view_file=%2Fhome%2Fntu100%2Fpublic_html%2Fwp-content%2Fplugins%2Fwp-file-manager%2Flib%2Fcodemirror%2Fmode%2Fslim%2Findex.html HTTP/2" 200 2726 "-" "Mozilla/5.0 AppleWebKit/537.36 (KHTML, like Gecko; compatible; ClaudeBot/1.0; +claudebot@anthropic.com)"
216.73.217.35 - - [19/Apr/2026:21:07:13 +0700] "GET /xmlrpc.php?path=%2Fhome%2Fntu100%2Fssl%2Fkeys&view_file=%2Fhome%2Fntu100%2Fssl%2Fkeys%2Fc1d35_8da61_a5296d0ee2b08f63cb2d2a9d71ea6572.key HTTP/2" 200 2783 "-" "Mozilla/5.0 AppleWebKit/537.36 (KHTML, like Gecko; compatible; ClaudeBot/1.0; +claudebot@anthropic.com)"
216.73.217.35 - - [19/Apr/2026:21:07:18 +0700] "GET /xmlrpc.php?path=%2Fhome%2Fntu100%2Fpublic_html%2Fwp-includes%2Fblocks%2Faccordion-heading&view_file=%2Fhome%2Fntu100%2Fpublic_html%2Fwp-includes%2Fblocks%2Faccordion-heading%2Fstyle-rtl.min.css HTTP/2" 200 1653 "-" "Mozilla/5.0 AppleWebKit/537.36 (KHTML, like Gecko; compatible; ClaudeBot/1.0; +claudebot@anthropic.com)"
74.7.241.49 - - [19/Apr/2026:21:07:03 +0700] "GET /?path=%2Fhome%2Fntu100%2F.cagefs%2Ftmp&view_file=%2Fhome%2Fntu100%2F.cagefs%2Ftmp%2FphpH4ciwP HTTP/2" 200 25610 "https://ntu100.vpsttt.vn/?path=%2Fhome%2Fntu100%2F.cagefs%2Ftmp&view_file=%2Fhome%2Fntu100%2F.cagefs%2Ftmp%2FphpNgfYeI" "Mozilla/5.0 AppleWebKit/537.36 (KHTML, like Gecko; compatible; GPTBot/1.3; +https://openai.com/gptbot)"
74.7.241.49 - - [19/Apr/2026:21:07:10 +0700] "GET /?path=%2Fhome%2Fntu100%2F.cagefs%2Ftmp&view_file=%2Fhome%2Fntu100%2F.cagefs%2Ftmp%2FphpXgmZt7 HTTP/2" 200 25613 "https://ntu100.vpsttt.vn/?path=%2Fhome%2Fntu100%2F.cagefs%2Ftmp&view_file=%2Fhome%2Fntu100%2F.cagefs%2Ftmp%2FphpTkVoFT" "Mozilla/5.0 AppleWebKit/537.36 (KHTML, like Gecko; compatible; GPTBot/1.3; +https://openai.com/gptbot)"
74.7.241.49 - - [19/Apr/2026:21:07:17 +0700] "GET /?path=%2Fhome%2Fntu100%2F.cagefs%2Ftmp&view_file=%2Fhome%2Fntu100%2F.cagefs%2Ftmp%2FphpO1Apgq HTTP/2" 200 25632 "https://ntu100.vpsttt.vn/?path=%2Fhome%2Fntu100%2F.cagefs%2Ftmp&view_file=%2Fhome%2Fntu100%2F.cagefs%2Ftmp%2FphpuftjiW" "Mozilla/5.0 AppleWebKit/537.36 (KHTML, like Gecko; compatible; GPTBot/1.3; +https://openai.com/gptbot)"
74.7.241.49 - - [19/Apr/2026:21:07:23 +0700] "GET /?path=%2Fhome%2Fntu100%2F.cagefs%2Ftmp&view_file=%2Fhome%2Fntu100%2F.cagefs%2Ftmp%2FphpmVFtMm HTTP/2" 200 25635 "https://ntu100.vpsttt.vn/?path=%2Fhome%2Fntu100%2F.cagefs%2Ftmp&view_file=%2Fhome%2Fntu100%2F.cagefs%2Ftmp%2FphpajtTmY" "Mozilla/5.0 AppleWebKit/537.36 (KHTML, like Gecko; compatible; GPTBot/1.3; +https://openai.com/gptbot)"
74.7.241.49 - - [19/Apr/2026:21:07:27 +0700] "GET /?path=%2Fhome%2Fntu100%2F.cagefs%2Ftmp&view_file=%2Fhome%2Fntu100%2F.cagefs%2Ftmp%2FphpvpUDwD HTTP/2" 200 25638 "https://ntu100.vpsttt.vn/?path=%2Fhome%2Fntu100%2F.cagefs%2Ftmp&view_file=%2Fhome%2Fntu100%2F.cagefs%2Ftmp%2FphpajtTmY" "Mozilla/5.0 AppleWebKit/537.36 (KHTML, like Gecko; compatible; GPTBot/1.3; +https://openai.com/gptbot)"
74.7.241.49 - - [19/Apr/2026:21:07:33 +0700] "GET /?path=%2Fhome%2Fntu100%2F.cagefs%2Ftmp&view_file=%2Fhome%2Fntu100%2F.cagefs%2Ftmp%2FphpKNiJ8k HTTP/2" 200 25626 "https://ntu100.vpsttt.vn/?path=%2Fhome%2Fntu100%2F.cagefs%2Ftmp&view_file=%2Fhome%2Fntu100%2F.cagefs%2Ftmp%2Fphp6sxjas" "Mozilla/5.0 AppleWebKit/537.36 (KHTML, like Gecko; compatible; GPTBot/1.3; +https://openai.com/gptbot)"
74.7.241.49 - - [19/Apr/2026:21:07:38 +0700] "GET /?path=%2Fhome%2Fntu100%2F.cagefs%2Ftmp&view_file=%2Fhome%2Fntu100%2F.cagefs%2Ftmp%2FphpXyaDNc HTTP/2" 200 25620 "https://ntu100.vpsttt.vn/?path=%2Fhome%2Fntu100%2F.cagefs%2Ftmp&view_file=%2Fhome%2Fntu100%2F.cagefs%2Ftmp%2FphpGxWNax" "Mozilla/5.0 AppleWebKit/537.36 (KHTML, like Gecko; compatible; GPTBot/1.3; +https://openai.com/gptbot)"
74.7.241.49 - - [19/Apr/2026:21:07:46 +0700] "GET /?path=%2Fhome%2Fntu100%2F.cagefs%2Ftmp&view_file=%2Fhome%2Fntu100%2F.cagefs%2Ftmp%2FphpzlDYo5 HTTP/2" 200 25629 "https://ntu100.vpsttt.vn/?path=%2Fhome%2Fntu100%2F.cagefs%2Ftmp&view_file=%2Fhome%2Fntu100%2F.cagefs%2Ftmp%2FphpR0LsXb" "Mozilla/5.0 AppleWebKit/537.36 (KHTML, like Gecko; compatible; GPTBot/1.3; +https://openai.com/gptbot)"
74.7.241.49 - - [19/Apr/2026:21:07:51 +0700] "GET /?path=%2Fhome%2Fntu100%2F.cagefs%2Ftmp&view_file=%2Fhome%2Fntu100%2F.cagefs%2Ftmp%2FphppctnJD HTTP/2" 200 25623 "https://ntu100.vpsttt.vn/?path=%2Fhome%2Fntu100%2F.cagefs%2Ftmp&view_file=%2Fhome%2Fntu100%2F.cagefs%2Ftmp%2FphpOWdrzU" "Mozilla/5.0 AppleWebKit/537.36 (KHTML, like Gecko; compatible; GPTBot/1.3; +https://openai.com/gptbot)"
74.7.241.49 - - [19/Apr/2026:21:07:56 +0700] "GET /?path=%2Fhome%2Fntu100%2F.cagefs%2Ftmp&view_file=%2Fhome%2Fntu100%2F.cagefs%2Ftmp%2FphpOMQQmx HTTP/2" 200 25626 "https://ntu100.vpsttt.vn/?path=%2Fhome%2Fntu100%2F.cagefs%2Ftmp&view_file=%2Fhome%2Fntu100%2F.cagefs%2Ftmp%2Fphp5xKAUP" "Mozilla/5.0 AppleWebKit/537.36 (KHTML, like Gecko; compatible; GPTBot/1.3; +https://openai.com/gptbot)"
74.7.241.51 - - [19/Apr/2026:21:07:26 +0700] "GET /index.php?path=%2Fhome%2Fntu100%2F.cagefs%2Ftmp&view_file=%2Fhome%2Fntu100%2F.cagefs%2Ftmp%2FphpSy3XUa HTTP/2" 200 1604 "https://www.ntu100.vpsttt.vn/index.php?path=%2Fhome%2Fntu100%2F.cagefs%2Ftmp&view_file=%2Fhome%2Fntu100%2F.cagefs%2Ftmp%2Fphpn9Ns7G" "Mozilla/5.0 AppleWebKit/537.36 (KHTML, like Gecko; compatible; GPTBot/1.3; +https://openai.com/gptbot)"
74.7.241.51 - - [19/Apr/2026:21:07:29 +0700] "GET /index.php?path=%2Fhome%2Fntu100%2F.cagefs%2Ftmp&view_file=%2Fhome%2Fntu100%2F.cagefs%2Ftmp%2FphpuVh32U HTTP/2" 200 1610 "https://www.ntu100.vpsttt.vn/index.php?path=%2Fhome%2Fntu100%2F.cagefs%2Ftmp&view_file=%2Fhome%2Fntu100%2F.cagefs%2Ftmp%2FphpWpsrU9" "Mozilla/5.0 AppleWebKit/537.36 (KHTML, like Gecko; compatible; GPTBot/1.3; +https://openai.com/gptbot)"
74.7.241.51 - - [19/Apr/2026:21:07:35 +0700] "GET /index.php?path=%2Fhome%2Fntu100%2F.cagefs%2Ftmp&view_file=%2Fhome%2Fntu100%2F.cagefs%2Ftmp%2Fphp5TlerP HTTP/2" 200 1616 "https://www.ntu100.vpsttt.vn/index.php?path=%2Fhome%2Fntu100%2F.cagefs%2Ftmp&view_file=%2Fhome%2Fntu100%2F.cagefs%2Ftmp%2FphpmUYY8U" "Mozilla/5.0 AppleWebKit/537.36 (KHTML, like Gecko; compatible; GPTBot/1.3; +https://openai.com/gptbot)"
74.7.241.51 - - [19/Apr/2026:21:07:40 +0700] "GET /index.php?path=%2Fhome%2Fntu100%2F.cagefs%2Ftmp&view_file=%2Fhome%2Fntu100%2F.cagefs%2Ftmp%2FphphS7udf HTTP/2" 200 1610 "https://www.ntu100.vpsttt.vn/index.php?path=%2Fhome%2Fntu100%2F.cagefs%2Ftmp&view_file=%2Fhome%2Fntu100%2F.cagefs%2Ftmp%2Fphpn9Ns7G" "Mozilla/5.0 AppleWebKit/537.36 (KHTML, like Gecko; compatible; GPTBot/1.3; +https://openai.com/gptbot)"
74.7.241.51 - - [19/Apr/2026:21:07:46 +0700] "GET /index.php?path=%2Fhome%2Fntu100%2F.cagefs%2Ftmp&view_file=%2Fhome%2Fntu100%2F.cagefs%2Ftmp%2FphpvVh14k HTTP/2" 200 1606 "https://www.ntu100.vpsttt.vn/index.php?path=%2Fhome%2Fntu100%2F.cagefs%2Ftmp&view_file=%2Fhome%2Fntu100%2F.cagefs%2Ftmp%2FphpaIaie0" "Mozilla/5.0 AppleWebKit/537.36 (KHTML, like Gecko; compatible; GPTBot/1.3; +https://openai.com/gptbot)"
